{"id":55,"date":"2020-02-02T10:53:14","date_gmt":"2020-02-02T09:53:14","guid":{"rendered":"http:\/\/localhost\/wordpress\/?page_id=55"},"modified":"2022-04-04T23:09:34","modified_gmt":"2022-04-04T21:09:34","slug":"historie","status":"publish","type":"page","link":"https:\/\/msc-schnaitheim.de\/wordpress\/historie\/","title":{"rendered":"Historie"},"content":{"rendered":"\n<h2 class=\"wp-block-heading\">1949<\/h2>\n\n\n\n<p>Es\n war am 10. Oktober des Jahres 1949, als 14 motorsportbegeisterte M\u00e4nner\n aus Schnaitheim auf Anregung ihres Kameraden Ernst B\u00e4uerle im Gasthaus \n&#8220;Eintracht&#8221;, dem sp\u00e4teren Friseursalon Knobloch&#8221; den &#8220;Motorsportclub \nSchnaitheim&#8221; gr\u00fcndeten. Es gibt Aussagen, dass es auch schon vor dem \nKrieg motorradbegeisterte M\u00e4nner in Schnaitheim gab, aber als Club ist \nman in Schnaitheim eben erst seit 1949 offiziell organisiert. Zur \nFinanzierung des Vereins waren anfangs freiwillige Spenden willkommen. \nJedoch beschloss man sp\u00e4ter einen Jahresbeitrag von 30 Pfennig zu \nveranschlagen. Auch dieser Betrag erh\u00f6hte sich im Laufe der Zeit immer \nwieder.<\/p>\n\n\n\n<hr class=\"wp-block-separator\"\/>\n\n\n\n<h3 class=\"wp-block-heading\">1949 \u2013 1964<\/h3>\n\n\n\n<p>\nWie in jedem Verein \u00fcblich, wurde die Verantwortung auf verschiedene \nPersonen \u00fcbertragen. Als Vorsitzender wurde Eugen Eberhard benannt, der \ndann sp\u00e4ter von Willi Ziegler und Herrn Gr\u00e4f abgel\u00f6st wurde. Als \n\u201eGeldeintreiber\u201c, im wahrsten Sinne des Wortes, wurde Ernst B\u00e4uerle \nbenannt, denn zu dieser Zeit wurde der Mitgliedsbeitrag noch bei jedem \neinzelnen an der Haust\u00fcre abkassiert. Ziel der Sportkameraden war es, \ngemeinsame Veranstaltungen mit dem Motorrad durchzuf\u00fchren. So gab es z. \nB. \u201eFuchsjagden\u201c oder sp\u00e4ter auch Motorrad-Gel\u00e4ndefahrten, die auch \nZuverl\u00e4ssigkeitsfahrten genannt wurden. Des Weiteren wollte man \ngemeinsame Ausfahrten zu Motorrad-Sport-Veranstaltungen unternehmen. \nBesonders beliebt waren damals die Geschicklichkeitsturniere, mit denen \ndie Sportkameraden durch ihr K\u00f6nnen bald bis \u00fcber die Kreisgrenzen \nhinaus auf sich aufmerksam machten. Die Geschicklichkeitsfahrten von \ndamals kann man mit \u201evoltigieren\u201c auf dem Motorrad vergleichen! Das \n\u00e4lteste Datum einer offiziellen Veranstaltung, die der MSC durchf\u00fchrte, \ngeht in das Jahr 1952 zur\u00fcck, als so genannte \u201eFuchsjagden\u201c durchgef\u00fchrt\n wurden. Bereits im Jahr 1955 nahmen bei der \u201eSchweren Schw\u00e4bischen \nGel\u00e4ndefahrt\u201c in Aalen auch MSC-Fahrer teil. Der Transport der \nWettbewerbsfahrzeuge verlangte dem Teilnehmer einen enormen \nIdeenreichtum ab. So schraubte zum Beispiel Ernst B\u00e4uerle das Vorder- \nrad seines Motorrads ab und legte es auf die R\u00fccksitzbank oder in den \nKofferraum, wenn Platz war. Es wurde ein Aufnahmeb\u00fcgel konstruiert, der \nan der hinteren Sto\u00dfstange seines VW-K\u00e4fers befestigt wurde und in diese\n Halterung wurde die Vorderradschwinge des Motorrads eingebaut. So lief \ndas Motorrad als Nachl\u00e4ufer auf dem Hinterrad mit. Das war zu dieser \nZeit \u201espektakul\u00e4r\u201c! Dem jungen MSC fehlte nur noch eine eigene \n\u201eStrecke\u201c. Diese hatte sich relativ schnell gefunden und die M\u00e4nner \nkonnten im Steinbruch auf dem damaligen Oldenberg, der dann sp\u00e4ter \nMoldenberg genannt wurde, ihre Runden drehen. Was w\u00e4re eine Strecke ohne\n Ger\u00e4teh\u00fctte. So wurde kurzerhand ein K\u00fchlcontainer von einem \nSchrott-LKW abmontiert und als H\u00fctte genutzt. Auch wurde eine Zeit lang \ndas Baugebiet \u201eMittelrain\u201c als Trainingsstrecke genutzt.\n    <\/p>\n\n\n\n<hr class=\"wp-block-separator\"\/>\n\n\n\n<h3 class=\"wp-block-heading\">1964 \u2013 1969<\/h3>\n\n\n\n<hr class=\"wp-block-separator\"\/>\n\n\n\n<h3 class=\"wp-block-heading\">1969 \u2013 1973<\/h3>\n\n\n\n<hr class=\"wp-block-separator\"\/>\n\n\n\n<h3 class=\"wp-block-heading\">1974<\/h3>\n\n\n\n<hr class=\"wp-block-separator\"\/>\n\n\n\n<h3 class=\"wp-block-heading\">1975<\/h3>\n\n\n\n<hr class=\"wp-block-separator\"\/>\n\n\n\n<h3 class=\"wp-block-heading\">1976<\/h3>\n\n\n\n<hr class=\"wp-block-separator\"\/>\n\n\n\n<h3 class=\"wp-block-heading\">1978<\/h3>\n\n\n\n<hr class=\"wp-block-separator\"\/>\n\n\n\n<h3 class=\"wp-block-heading\">1979<\/h3>\n\n\n\n<hr class=\"wp-block-separator\"\/>\n\n\n\n<h3 class=\"wp-block-heading\">1980<\/h3>\n\n\n\n<hr class=\"wp-block-separator\"\/>\n\n\n\n<h3 class=\"wp-block-heading\">1981<\/h3>\n\n\n\n<hr class=\"wp-block-separator\"\/>\n\n\n\n<h3 class=\"wp-block-heading\">1982<\/h3>\n","protected":false},"excerpt":{"rendered":"<p>1949 Es war am 10. Oktober des Jahres 1949, als 14 motorsportbegeisterte M\u00e4nner aus Schnaitheim auf Anregung ihres Kameraden Ernst B\u00e4uerle im Gasthaus &#8220;Eintracht&#8221;, dem sp\u00e4teren Friseursalon Knobloch&#8221; den &#8220;Motorsportclub Schnaitheim&#8221; gr\u00fcndeten. Es gibt Aussagen, dass es auch schon vor<\/p>\n","protected":false},"author":1,"featured_media":203,"parent":0,"menu_order":0,"comment_status":"closed","ping_status":"closed","template":"","meta":{"advanced_seo_description":"","jetpack_seo_html_title":"","jetpack_seo_noindex":false,"ngg_post_thumbnail":0,"footnotes":""},"class_list":["post-55","page","type-page","status-publish","has-post-thumbnail","hentry"],"jetpack-related-posts":[{"id":51,"url":"https:\/\/msc-schnaitheim.de\/wordpress\/wir-ueber-uns\/","url_meta":{"origin":55,"position":0},"title":"Wir \u00fcber uns","author":"webadministrator","date":"2. Februar 2020","format":false,"excerpt":"Tradition seit 1949 Der MSC Schnaitheim e.V. im ADAC ist ein traditionsreicher Verein mit derzeit ca. 360 Mitgliedern, der am 1.10.1949 gegr\u00fcndet wurde. Der Verein kann auf eine erfolgreiche Geschichte zur\u00fcckblicken und hofft auf eine gleichsam erfolgreiche Zukunft.Jahr f\u00fcr Jahr organisieren wir mit unseren tatkr\u00e4ftigen Mitgliedern zahlreiche Motorsportveranstaltungen wie unser\u2026","rel":"","context":"\u00c4hnlicher Beitrag","block_context":{"text":"\u00c4hnlicher Beitrag","link":""},"img":{"alt_text":"","src":"https:\/\/i0.wp.com\/msc-schnaitheim.de\/wordpress\/wp-content\/uploads\/2020\/02\/header_04.png?fit=960%2C395&ssl=1&resize=350%2C200","width":350,"height":200,"srcset":"https:\/\/i0.wp.com\/msc-schnaitheim.de\/wordpress\/wp-content\/uploads\/2020\/02\/header_04.png?fit=960%2C395&ssl=1&resize=350%2C200 1x, https:\/\/i0.wp.com\/msc-schnaitheim.de\/wordpress\/wp-content\/uploads\/2020\/02\/header_04.png?fit=960%2C395&ssl=1&resize=525%2C300 1.5x, https:\/\/i0.wp.com\/msc-schnaitheim.de\/wordpress\/wp-content\/uploads\/2020\/02\/header_04.png?fit=960%2C395&ssl=1&resize=700%2C400 2x"},"classes":[]},{"id":67,"url":"https:\/\/msc-schnaitheim.de\/wordpress\/rennigel\/","url_meta":{"origin":55,"position":1},"title":"Jugendabteilung &#8220;Rennigel&#8221;","author":"webadministrator","date":"2. Februar 2020","format":false,"excerpt":"Die Rennigel vom Hafnerh\u00e4ule Die Motocrossjugend in Schnaitheim das sind die \"Rennigel\". Eine Gruppe von 60 Jugendlichen im Alter von 6 bis 17 Jahren. Der Umgang mit der Technik, die rasanten Geschwindigkeiten und die tollen Spr\u00fcnge faszinieren Jungs und M\u00e4dels. Wer Lust hat diesen spannenden aber auch anspruchsvollen Sport kennen\u2026","rel":"","context":"\u00c4hnlicher Beitrag","block_context":{"text":"\u00c4hnlicher Beitrag","link":""},"img":{"alt_text":"","src":"https:\/\/i0.wp.com\/msc-schnaitheim.de\/wordpress\/wp-content\/uploads\/2020\/02\/header_Rennigel.png?fit=960%2C395&ssl=1&resize=350%2C200","width":350,"height":200,"srcset":"https:\/\/i0.wp.com\/msc-schnaitheim.de\/wordpress\/wp-content\/uploads\/2020\/02\/header_Rennigel.png?fit=960%2C395&ssl=1&resize=350%2C200 1x, https:\/\/i0.wp.com\/msc-schnaitheim.de\/wordpress\/wp-content\/uploads\/2020\/02\/header_Rennigel.png?fit=960%2C395&ssl=1&resize=525%2C300 1.5x, https:\/\/i0.wp.com\/msc-schnaitheim.de\/wordpress\/wp-content\/uploads\/2020\/02\/header_Rennigel.png?fit=960%2C395&ssl=1&resize=700%2C400 2x"},"classes":[]},{"id":1842,"url":"https:\/\/msc-schnaitheim.de\/wordpress\/","url_meta":{"origin":55,"position":2},"title":"MSC Schnaitheim","author":"Markus","date":"2. Oktober 2022","format":false,"excerpt":"Aktuelles Presse-NachberichtDeutsche Motocross Meisterschaft am 12. April 2026 beim MSC Schnaitheim Am Sonntag, den 12. April 2026, fand beim MSC Schnaitheim der mit Spannung erwartete Lauf zur Deutschen Motocross Meisterschaft (ADAC DMX) statt \u2013 begleitet von typisch \u201eschnaitheimer\u201c Witterungsbedingungen. Anhaltender Regen seit der Nacht verwandelte die im Vorfeld hervorragend pr\u00e4parierte\u2026","rel":"","context":"\u00c4hnlicher Beitrag","block_context":{"text":"\u00c4hnlicher Beitrag","link":""},"img":{"alt_text":"","src":"https:\/\/i0.wp.com\/msc-schnaitheim.de\/wordpress\/wp-content\/uploads\/2026\/04\/DM_SCHNAITHEIM_26-86.jpg?resize=350%2C200&ssl=1","width":350,"height":200,"srcset":"https:\/\/i0.wp.com\/msc-schnaitheim.de\/wordpress\/wp-content\/uploads\/2026\/04\/DM_SCHNAITHEIM_26-86.jpg?resize=350%2C200&ssl=1 1x, https:\/\/i0.wp.com\/msc-schnaitheim.de\/wordpress\/wp-content\/uploads\/2026\/04\/DM_SCHNAITHEIM_26-86.jpg?resize=525%2C300&ssl=1 1.5x, https:\/\/i0.wp.com\/msc-schnaitheim.de\/wordpress\/wp-content\/uploads\/2026\/04\/DM_SCHNAITHEIM_26-86.jpg?resize=700%2C400&ssl=1 2x, https:\/\/i0.wp.com\/msc-schnaitheim.de\/wordpress\/wp-content\/uploads\/2026\/04\/DM_SCHNAITHEIM_26-86.jpg?resize=1050%2C600&ssl=1 3x, https:\/\/i0.wp.com\/msc-schnaitheim.de\/wordpress\/wp-content\/uploads\/2026\/04\/DM_SCHNAITHEIM_26-86.jpg?resize=1400%2C800&ssl=1 4x"},"classes":[]},{"id":65,"url":"https:\/\/msc-schnaitheim.de\/wordpress\/ergebnisse-bw-cup\/","url_meta":{"origin":55,"position":3},"title":"Ergebnisse BW-Cup","author":"webadministrator","date":"2. Februar 2020","format":false,"excerpt":"Ergebnisse 2017 Am 13.5. fand in Frankenbach die Auftaktveranstaltung zum ADAC BW-Cup,der Baden-w\u00fcrttembergischen Jugend-Motocrossmeisterschaft statt.Auf der 1500 Meter langen Hartbodenstrecke waren auch einige Starter des MSC Schnaitheim und des MSC Gerstetten am Start.Bei sch\u00f6nem Fr\u00fchlingswetter,23Grad und Sonnenschein,rollten f\u00fcr den MSC Schnaitheim Tim Staab mit der Startnummer 15 in Klasse 1,Dominik\u2026","rel":"","context":"\u00c4hnlicher Beitrag","block_context":{"text":"\u00c4hnlicher Beitrag","link":""},"img":{"alt_text":"","src":"https:\/\/i0.wp.com\/msc-schnaitheim.de\/wordpress\/wp-content\/uploads\/2020\/02\/header_03.png?fit=960%2C395&ssl=1&resize=350%2C200","width":350,"height":200,"srcset":"https:\/\/i0.wp.com\/msc-schnaitheim.de\/wordpress\/wp-content\/uploads\/2020\/02\/header_03.png?fit=960%2C395&ssl=1&resize=350%2C200 1x, https:\/\/i0.wp.com\/msc-schnaitheim.de\/wordpress\/wp-content\/uploads\/2020\/02\/header_03.png?fit=960%2C395&ssl=1&resize=525%2C300 1.5x, https:\/\/i0.wp.com\/msc-schnaitheim.de\/wordpress\/wp-content\/uploads\/2020\/02\/header_03.png?fit=960%2C395&ssl=1&resize=700%2C400 2x"},"classes":[]},{"id":57,"url":"https:\/\/msc-schnaitheim.de\/wordpress\/vorstand\/","url_meta":{"origin":55,"position":4},"title":"Vorstand","author":"webadministrator","date":"2. Februar 2020","format":false,"excerpt":"1.\u00a0Vorsitzender Franz Balle Gerhart-Hauptmann-Weg 7, 73447 OberkochenTel.: \u00a00173-6512541 Mail: vorsitzender@msc-schnaitheim.de 2.\u00a0Vorsitzender Joachim Fischer Mail: zweiter-vorsitzender@msc-schnaitheim.de Kassierer Angela Stelzer Mail: schatzmeister@msc-schnaitheim.de Buchhaltung Angela Stelzer Mail: buchhaltung@msc-schnaitheim.de Sportleiter Markus Kaufmann Mail: rennleitung@msc-schnaitheim.de Jugendleiter Maik Schretzenmeyer Mail: jugendleitung@msc-schnaitheim.de Presse David Neuwerth Mail: presse@msc-schnaitheim.de Streckenwart Andreas Sperrle Mail: streckenwart@msc-schnaitheim.de Marketingbeauftragter Christoph Weichert Mail: info@goldschmied-weichert.de\u2026","rel":"","context":"\u00c4hnlicher Beitrag","block_context":{"text":"\u00c4hnlicher Beitrag","link":""},"img":{"alt_text":"","src":"https:\/\/i0.wp.com\/msc-schnaitheim.de\/wordpress\/wp-content\/uploads\/2025\/03\/DavidNeuwerth.jpg?resize=350%2C200&ssl=1","width":350,"height":200,"srcset":"https:\/\/i0.wp.com\/msc-schnaitheim.de\/wordpress\/wp-content\/uploads\/2025\/03\/DavidNeuwerth.jpg?resize=350%2C200&ssl=1 1x, https:\/\/i0.wp.com\/msc-schnaitheim.de\/wordpress\/wp-content\/uploads\/2025\/03\/DavidNeuwerth.jpg?resize=525%2C300&ssl=1 1.5x, https:\/\/i0.wp.com\/msc-schnaitheim.de\/wordpress\/wp-content\/uploads\/2025\/03\/DavidNeuwerth.jpg?resize=700%2C400&ssl=1 2x"},"classes":[]},{"id":40,"url":"https:\/\/msc-schnaitheim.de\/wordpress\/verein\/","url_meta":{"origin":55,"position":5},"title":"Verein","author":"webadministrator","date":"2. Februar 2020","format":false,"excerpt":"","rel":"","context":"\u00c4hnlicher Beitrag","block_context":{"text":"\u00c4hnlicher Beitrag","link":""},"img":{"alt_text":"","src":"","width":0,"height":0},"classes":[]}],"jetpack_sharing_enabled":true,"publishpress_future_action":{"enabled":false,"date":"2026-04-27 16:58:13","action":"change-status","newStatus":"draft","terms":[],"taxonomy":""},"publishpress_future_workflow_manual_trigger":{"enabledWorkflows":[]},"_links":{"self":[{"href":"https:\/\/msc-schnaitheim.de\/wordpress\/wp-json\/wp\/v2\/pages\/55","targetHints":{"allow":["GET"]}}],"collection":[{"href":"https:\/\/msc-schnaitheim.de\/wordpress\/wp-json\/wp\/v2\/pages"}],"about":[{"href":"https:\/\/msc-schnaitheim.de\/wordpress\/wp-json\/wp\/v2\/types\/page"}],"author":[{"embeddable":true,"href":"https:\/\/msc-schnaitheim.de\/wordpress\/wp-json\/wp\/v2\/users\/1"}],"replies":[{"embeddable":true,"href":"https:\/\/msc-schnaitheim.de\/wordpress\/wp-json\/wp\/v2\/comments?post=55"}],"version-history":[{"count":2,"href":"https:\/\/msc-schnaitheim.de\/wordpress\/wp-json\/wp\/v2\/pages\/55\/revisions"}],"predecessor-version":[{"id":205,"href":"https:\/\/msc-schnaitheim.de\/wordpress\/wp-json\/wp\/v2\/pages\/55\/revisions\/205"}],"wp:featuredmedia":[{"embeddable":true,"href":"https:\/\/msc-schnaitheim.de\/wordpress\/wp-json\/wp\/v2\/media\/203"}],"wp:attachment":[{"href":"https:\/\/msc-schnaitheim.de\/wordpress\/wp-json\/wp\/v2\/media?parent=55"}],"curies":[{"name":"wp","href":"https:\/\/api.w.org\/{rel}","templated":true}]}}