{"id":51,"date":"2020-02-02T10:52:25","date_gmt":"2020-02-02T09:52:25","guid":{"rendered":"http:\/\/localhost\/wordpress\/?page_id=51"},"modified":"2026-01-20T11:29:12","modified_gmt":"2026-01-20T10:29:12","slug":"wir-ueber-uns","status":"publish","type":"page","link":"https:\/\/msc-schnaitheim.de\/wordpress\/wir-ueber-uns\/","title":{"rendered":"Wir \u00fcber uns"},"content":{"rendered":"\n<h2 class=\"wp-block-heading\">Tradition seit 1949<\/h2>\n\n\n\n<p>Der MSC Schnaitheim e.V. im ADAC ist ein traditionsreicher Verein mit derzeit ca. 360 Mitgliedern, der am 1.10.1949 gegr\u00fcndet wurde. Der Verein kann auf eine erfolgreiche Geschichte zur\u00fcckblicken und hofft auf eine gleichsam erfolgreiche Zukunft.<br><br>Jahr f\u00fcr Jahr organisieren wir mit unseren tatkr\u00e4ftigen Mitgliedern zahlreiche Motorsportveranstaltungen wie unser &#8220;gro\u00dfes&#8221; Motocross, ein Jugendmotocross und unseren popul\u00e4ren &#8220;Wildsaupokal&#8221;, ein Veteranenmotocross.<br><br>Gute und stabile Besucherzahlen bei unseren Rennen zeigen, dass wir damit auf dem richtigen Weg sind.<br><br>Die erste Veranstaltung fand \u00fcbrigens 1974 statt.<br><br>Wenn jedes Jahr im Fr\u00fchling auf unserer Strecke am &#8220;Hafnerh\u00e4ule&#8221; die Motoren wieder aufheulen und Staub in der Luft h\u00e4ngt, ist dass das Zeichen daf\u00fcr, dass unsere Trainingssaison wieder begonnen hat. Trainiert wird mittwochs von 17.00-20.00 Uhr und Sonntags von 9.00-12.00 Uhr. Sonntags ist die Strecke aber ausschlie\u00dflich unseren Vereinsfahrern \u00fcberlassen, Mittwochs k\u00f6nnen auch Gastfahrer gegen eine Trainingsgeb\u00fchr trainieren.<br><br>Trainiert wird auf einer wundersch\u00f6nen Naturstrecke mit Spr\u00fcngen, einer Steilauf-bzw.-Abfahrt und einem Karusell. Als Pr\u00fcfstein ist unser ca. 30 Meter langer Table bekannt.<br><br>Um unsere Jugend zu f\u00f6rdern veranstaltet unsere Jugendgruppe jedes Jahr Trainingslehrg\u00e4nge im In-und Ausland, wie zum Beispiel das Pfingsttrainingslager auf unserer Strecke.<br><br>Damit die Kameradschaft in unserem Verein nicht zu kurz kommt haben wir unseren Clubabend an jedem letzten Freitag im Monat, der im Sommer als Grillfest an der H\u00fctte abgehalten wird.<br><br>Weiter haben wir unsere Jahresabschlussfeier, eine Jugendweihnachtsfeier, ein Helferfest und unsere Jahreshauptversammlung, bei denen unsere Mitglieder zusammenkommen und sich austauschen k\u00f6nnen. So ist in unserem Verein schon so manche Freundschaft entstanden.<br><br>Besonders stolz sind wir auf unsere erfolgreichen Fahrer, die aus allen Sparten des Motorsports kommen.<br><br>Wenn wir nun Euer Interesse geweckt haben und ihr euch selbst ein Bild von unserem Verein machen wollt schaut doch einfach mal vorbei.<br><br>Wir freuen uns auf Euch!<br><br>Das Team vom MSC Schnaitheim<\/p>\n\n\n\n<p><\/p>\n\n\n\n<h2 class=\"wp-block-heading\">Satzung und Ordnung<\/h2>\n\n\n\n<p><a href=\"https:\/\/msc-schnaitheim.de\/wordpress\/wp-content\/uploads\/2026\/01\/Satzung-MSC-Schnaitheim.pdf\">Satzung-MSC-Schnaitheim.pdf<\/a><\/p>\n\n\n\n<p><a href=\"https:\/\/msc-schnaitheim.de\/wordpress\/wp-content\/uploads\/2026\/01\/Ordnungen-MSC-Schnaitheim.pdf\">Ordnungen-MSC-Schnaitheim.pdf<\/a><\/p>\n","protected":false},"excerpt":{"rendered":"<p>Tradition seit 1949 Der MSC Schnaitheim e.V. im ADAC ist ein traditionsreicher Verein mit derzeit ca. 360 Mitgliedern, der am 1.10.1949 gegr\u00fcndet wurde. Der Verein kann auf eine erfolgreiche Geschichte zur\u00fcckblicken und hofft auf eine gleichsam erfolgreiche Zukunft. Jahr f\u00fcr<\/p>\n","protected":false},"author":1,"featured_media":140,"parent":0,"menu_order":0,"comment_status":"closed","ping_status":"closed","template":"","meta":{"advanced_seo_description":"","jetpack_seo_html_title":"","jetpack_seo_noindex":false,"ngg_post_thumbnail":0,"footnotes":""},"class_list":["post-51","page","type-page","status-publish","has-post-thumbnail","hentry"],"jetpack-related-posts":[{"id":55,"url":"https:\/\/msc-schnaitheim.de\/wordpress\/historie\/","url_meta":{"origin":51,"position":0},"title":"Historie","author":"webadministrator","date":"2. Februar 2020","format":false,"excerpt":"1949 Es war am 10. Oktober des Jahres 1949, als 14 motorsportbegeisterte M\u00e4nner aus Schnaitheim auf Anregung ihres Kameraden Ernst B\u00e4uerle im Gasthaus \"Eintracht\", dem sp\u00e4teren Friseursalon Knobloch\" den \"Motorsportclub Schnaitheim\" gr\u00fcndeten. Es gibt Aussagen, dass es auch schon vor dem Krieg motorradbegeisterte M\u00e4nner in Schnaitheim gab, aber als Club\u2026","rel":"","context":"\u00c4hnlicher Beitrag","block_context":{"text":"\u00c4hnlicher Beitrag","link":""},"img":{"alt_text":"","src":"https:\/\/i0.wp.com\/msc-schnaitheim.de\/wordpress\/wp-content\/uploads\/2020\/02\/head_Historie.png?fit=960%2C395&ssl=1&resize=350%2C200","width":350,"height":200,"srcset":"https:\/\/i0.wp.com\/msc-schnaitheim.de\/wordpress\/wp-content\/uploads\/2020\/02\/head_Historie.png?fit=960%2C395&ssl=1&resize=350%2C200 1x, https:\/\/i0.wp.com\/msc-schnaitheim.de\/wordpress\/wp-content\/uploads\/2020\/02\/head_Historie.png?fit=960%2C395&ssl=1&resize=525%2C300 1.5x, https:\/\/i0.wp.com\/msc-schnaitheim.de\/wordpress\/wp-content\/uploads\/2020\/02\/head_Historie.png?fit=960%2C395&ssl=1&resize=700%2C400 2x"},"classes":[]},{"id":67,"url":"https:\/\/msc-schnaitheim.de\/wordpress\/rennigel\/","url_meta":{"origin":51,"position":1},"title":"Jugendabteilung &#8220;Rennigel&#8221;","author":"webadministrator","date":"2. Februar 2020","format":false,"excerpt":"Die Rennigel vom Hafnerh\u00e4ule Die Motocrossjugend in Schnaitheim das sind die \"Rennigel\". Eine Gruppe von 60 Jugendlichen im Alter von 6 bis 17 Jahren. Der Umgang mit der Technik, die rasanten Geschwindigkeiten und die tollen Spr\u00fcnge faszinieren Jungs und M\u00e4dels. Wer Lust hat diesen spannenden aber auch anspruchsvollen Sport kennen\u2026","rel":"","context":"\u00c4hnlicher Beitrag","block_context":{"text":"\u00c4hnlicher Beitrag","link":""},"img":{"alt_text":"","src":"https:\/\/i0.wp.com\/msc-schnaitheim.de\/wordpress\/wp-content\/uploads\/2020\/02\/header_Rennigel.png?fit=960%2C395&ssl=1&resize=350%2C200","width":350,"height":200,"srcset":"https:\/\/i0.wp.com\/msc-schnaitheim.de\/wordpress\/wp-content\/uploads\/2020\/02\/header_Rennigel.png?fit=960%2C395&ssl=1&resize=350%2C200 1x, https:\/\/i0.wp.com\/msc-schnaitheim.de\/wordpress\/wp-content\/uploads\/2020\/02\/header_Rennigel.png?fit=960%2C395&ssl=1&resize=525%2C300 1.5x, https:\/\/i0.wp.com\/msc-schnaitheim.de\/wordpress\/wp-content\/uploads\/2020\/02\/header_Rennigel.png?fit=960%2C395&ssl=1&resize=700%2C400 2x"},"classes":[]},{"id":31,"url":"https:\/\/msc-schnaitheim.de\/wordpress\/strecke-trainingszeiten\/","url_meta":{"origin":51,"position":2},"title":"Strecke &#038; Training","author":"webadministrator","date":"2. Februar 2020","format":false,"excerpt":"Streckenbeschreibung der DM-Strecke \"am Hafnerh\u00e4ule\" Lehmiger Hartboden mit kleinen Steinen. Die Strecke ist durchgehend 6 Meter breit, weitl\u00e4ufig und zeichnet sich zudem durch steile Auf- und Abfahrten aus. Lange und kurze Table, Step-Up, Step-Down und Wellen runden die DM-Strecke ab. Eine anspruchsvolle Stecke, die Hobbyfahrer wie auch Profis begeistert. Streckenverordnung\u2026","rel":"","context":"\u00c4hnlicher Beitrag","block_context":{"text":"\u00c4hnlicher Beitrag","link":""},"img":{"alt_text":"","src":"https:\/\/i0.wp.com\/msc-schnaitheim.de\/wordpress\/wp-content\/uploads\/2020\/05\/2020_Strecke_neu-scaled.jpg?resize=350%2C200&ssl=1","width":350,"height":200,"srcset":"https:\/\/i0.wp.com\/msc-schnaitheim.de\/wordpress\/wp-content\/uploads\/2020\/05\/2020_Strecke_neu-scaled.jpg?resize=350%2C200&ssl=1 1x, https:\/\/i0.wp.com\/msc-schnaitheim.de\/wordpress\/wp-content\/uploads\/2020\/05\/2020_Strecke_neu-scaled.jpg?resize=525%2C300&ssl=1 1.5x, https:\/\/i0.wp.com\/msc-schnaitheim.de\/wordpress\/wp-content\/uploads\/2020\/05\/2020_Strecke_neu-scaled.jpg?resize=700%2C400&ssl=1 2x, https:\/\/i0.wp.com\/msc-schnaitheim.de\/wordpress\/wp-content\/uploads\/2020\/05\/2020_Strecke_neu-scaled.jpg?resize=1050%2C600&ssl=1 3x, https:\/\/i0.wp.com\/msc-schnaitheim.de\/wordpress\/wp-content\/uploads\/2020\/05\/2020_Strecke_neu-scaled.jpg?resize=1400%2C800&ssl=1 4x"},"classes":[]},{"id":1757,"url":"https:\/\/msc-schnaitheim.de\/wordpress\/schwarzes-brett\/","url_meta":{"origin":51,"position":3},"title":"Schwarzes Brett","author":"Markus","date":"4. Juli 2022","format":false,"excerpt":"Liebe Vereinsmitglieder, auf dieser Seite k\u00f6nnt Ihr gerne Informationen teilen, oder Inserate \u00fcber Gesuche und Verk\u00e4ufe schalten. Daf\u00fcr nutzt Ihr bitte die Kommentarfunkion ganz unten auf dieser Seite. Bitte beachtet, dass diese Kommentare anonym (ohne Anmeldung) abgegeben werden und Ihr f\u00fcr die Inhalte selbst verantwortlich seid. Der MSC \u00fcbernimmt an\u2026","rel":"","context":"Mit 3 Kommentaren","block_context":{"text":"Mit 3 Kommentaren","link":"https:\/\/msc-schnaitheim.de\/wordpress\/schwarzes-brett\/#comments"},"img":{"alt_text":"","src":"","width":0,"height":0},"classes":[]},{"id":61,"url":"https:\/\/msc-schnaitheim.de\/wordpress\/anfahrt\/","url_meta":{"origin":51,"position":4},"title":"Anfahrt","author":"webadministrator","date":"2. Februar 2020","format":false,"excerpt":"Ihr Weg zur Motocross-Strecke \"Hafnerh\u00e4ule\": Auf nach Schnaitheim GPS Koordinaten (Fahrerlager): +48\u00b0 43' 8.40\", +10\u00b0 10' 51.68\" Anfahrtsbeschreibung Der MSC-Schnaitheim hat seine traditionsreiche Rennstrecke in Schnaitheim in der N\u00e4he von Heidenheim. Von der Autobahn A7 kommend nimmt man die Ausfahrt Heidenheim und f\u00e4hrt dann in Richtung Heidenheim.\u00a0Nach ca. 2 km\u2026","rel":"","context":"\u00c4hnlicher Beitrag","block_context":{"text":"\u00c4hnlicher Beitrag","link":""},"img":{"alt_text":"","src":"https:\/\/i0.wp.com\/msc-schnaitheim.de\/wordpress\/wp-content\/uploads\/2020\/02\/header_04.png?fit=960%2C395&ssl=1&resize=350%2C200","width":350,"height":200,"srcset":"https:\/\/i0.wp.com\/msc-schnaitheim.de\/wordpress\/wp-content\/uploads\/2020\/02\/header_04.png?fit=960%2C395&ssl=1&resize=350%2C200 1x, https:\/\/i0.wp.com\/msc-schnaitheim.de\/wordpress\/wp-content\/uploads\/2020\/02\/header_04.png?fit=960%2C395&ssl=1&resize=525%2C300 1.5x, https:\/\/i0.wp.com\/msc-schnaitheim.de\/wordpress\/wp-content\/uploads\/2020\/02\/header_04.png?fit=960%2C395&ssl=1&resize=700%2C400 2x"},"classes":[]},{"id":46,"url":"https:\/\/msc-schnaitheim.de\/wordpress\/veranstaltungen-termine\/","url_meta":{"origin":51,"position":5},"title":"Veranstaltungen &#038; Termine","author":"webadministrator","date":"2. Februar 2020","format":false,"excerpt":"Termin\u00fcbersicht 2026 Der aktuelle Terminkalender steht Euch zum Download bereit: MSC Jahrestermine 2026 Termine Rennen und Arbeitsdienste 2026 Helferliste DMX 12 April 2026 N\u00e4heres zu den Arbeitsdiensten und weitere Informationen werden \u00fcber unseren Newsletter bekannt gegeben Veranstaltungen (inklusive vergangene)","rel":"","context":"\u00c4hnlicher Beitrag","block_context":{"text":"\u00c4hnlicher Beitrag","link":""},"img":{"alt_text":"","src":"https:\/\/i0.wp.com\/msc-schnaitheim.de\/wordpress\/wp-content\/uploads\/2026\/03\/WhatsApp-Image-2026-03-19-at-14.28.38.jpeg?resize=350%2C200&ssl=1","width":350,"height":200,"srcset":"https:\/\/i0.wp.com\/msc-schnaitheim.de\/wordpress\/wp-content\/uploads\/2026\/03\/WhatsApp-Image-2026-03-19-at-14.28.38.jpeg?resize=350%2C200&ssl=1 1x, https:\/\/i0.wp.com\/msc-schnaitheim.de\/wordpress\/wp-content\/uploads\/2026\/03\/WhatsApp-Image-2026-03-19-at-14.28.38.jpeg?resize=525%2C300&ssl=1 1.5x, https:\/\/i0.wp.com\/msc-schnaitheim.de\/wordpress\/wp-content\/uploads\/2026\/03\/WhatsApp-Image-2026-03-19-at-14.28.38.jpeg?resize=700%2C400&ssl=1 2x"},"classes":[]}],"jetpack_sharing_enabled":true,"publishpress_future_action":{"enabled":false,"date":"2026-04-21 00:39:23","action":"change-status","newStatus":"draft","terms":[],"taxonomy":""},"publishpress_future_workflow_manual_trigger":{"enabledWorkflows":[]},"_links":{"self":[{"href":"https:\/\/msc-schnaitheim.de\/wordpress\/wp-json\/wp\/v2\/pages\/51","targetHints":{"allow":["GET"]}}],"collection":[{"href":"https:\/\/msc-schnaitheim.de\/wordpress\/wp-json\/wp\/v2\/pages"}],"about":[{"href":"https:\/\/msc-schnaitheim.de\/wordpress\/wp-json\/wp\/v2\/types\/page"}],"author":[{"embeddable":true,"href":"https:\/\/msc-schnaitheim.de\/wordpress\/wp-json\/wp\/v2\/users\/1"}],"replies":[{"embeddable":true,"href":"https:\/\/msc-schnaitheim.de\/wordpress\/wp-json\/wp\/v2\/comments?post=51"}],"version-history":[{"count":3,"href":"https:\/\/msc-schnaitheim.de\/wordpress\/wp-json\/wp\/v2\/pages\/51\/revisions"}],"predecessor-version":[{"id":3051,"href":"https:\/\/msc-schnaitheim.de\/wordpress\/wp-json\/wp\/v2\/pages\/51\/revisions\/3051"}],"wp:featuredmedia":[{"embeddable":true,"href":"https:\/\/msc-schnaitheim.de\/wordpress\/wp-json\/wp\/v2\/media\/140"}],"wp:attachment":[{"href":"https:\/\/msc-schnaitheim.de\/wordpress\/wp-json\/wp\/v2\/media?parent=51"}],"curies":[{"name":"wp","href":"https:\/\/api.w.org\/{rel}","templated":true}]}}