{"id":33,"date":"2020-02-02T10:46:18","date_gmt":"2020-02-02T09:46:18","guid":{"rendered":"http:\/\/localhost\/wordpress\/?page_id=33"},"modified":"2022-04-04T23:11:47","modified_gmt":"2022-04-04T21:11:47","slug":"bilder","status":"publish","type":"page","link":"https:\/\/msc-schnaitheim.de\/wordpress\/bilder\/","title":{"rendered":"Bilder"},"content":{"rendered":"\n<h2 class=\"wp-block-heading\">Training vom 24. Mai 2020<\/h2>\n\n\n\nngg_shortcode_0_placeholder\n\n\n\n<hr class=\"wp-block-separator\"\/>\n\n\n\n<h2 class=\"wp-block-heading\">Erstes Training 13. Mai 2020<\/h2>\n\n\n\nngg_shortcode_1_placeholder\n\n\n\n<hr class=\"wp-block-separator\"\/>\n\n\n\n<h2 class=\"wp-block-heading\">MSC Strecke auf dem Hafnerh\u00e4ule 2020<\/h2>\n\n\n\nngg_shortcode_2_placeholder\n\n\n\nLuftbildaufnahmen der Strecke vom Mai 2020. Vielen Dank daf\u00fcr an <a href=\"https:\/\/maier-drohne-foto.wixsite.com\/homepage\">HarTmuT mAIeR<\/a>.\n\n\n\n<hr class=\"wp-block-separator\"\/>\n\n\n\n<h2 class=\"wp-block-heading\">Die Strecke wartet<\/h2>\n\n\n\nngg_shortcode_3_placeholder\n\n\n\nAufgrund der Corona Pandemie muss die Strecke momentan auf die Fahrer warten\n\n\n\n<hr class=\"wp-block-separator\"\/>\n\n\n\n<h2 class=\"wp-block-heading\">Die Jugend beim Training 2019<\/h2>\n\n\n\nngg_shortcode_4_placeholder\n\n\n\n<hr class=\"wp-block-separator\"\/>\n\n\n\n<h2 class=\"wp-block-heading\">DM 2019<\/h2>\n\n\n\nngg_shortcode_5_placeholder\n\n\n\n<hr class=\"wp-block-separator\"\/>\n","protected":false},"excerpt":{"rendered":"<p>Training vom 24. Mai 2020 Erstes Training 13. Mai 2020 MSC Strecke auf dem Hafnerh\u00e4ule 2020 Luftbildaufnahmen der Strecke vom Mai 2020. Vielen Dank daf\u00fcr an HarTmuT mAIeR. Die Strecke wartet Aufgrund der Corona Pandemie muss die Strecke momentan auf<\/p>\n","protected":false},"author":1,"featured_media":0,"parent":0,"menu_order":0,"comment_status":"closed","ping_status":"closed","template":"","meta":{"advanced_seo_description":"","jetpack_seo_html_title":"","jetpack_seo_noindex":false,"ngg_post_thumbnail":0,"footnotes":""},"class_list":["post-33","page","type-page","status-publish","hentry"],"jetpack-related-posts":[{"id":31,"url":"https:\/\/msc-schnaitheim.de\/wordpress\/strecke-trainingszeiten\/","url_meta":{"origin":33,"position":0},"title":"Strecke &#038; Training","author":"webadministrator","date":"2. Februar 2020","format":false,"excerpt":"Streckenbeschreibung der DM-Strecke \"am Hafnerh\u00e4ule\" Lehmiger Hartboden mit kleinen Steinen. Die Strecke ist durchgehend 6 Meter breit, weitl\u00e4ufig und zeichnet sich zudem durch steile Auf- und Abfahrten aus. Lange und kurze Table, Step-Up, Step-Down und Wellen runden die DM-Strecke ab. Eine anspruchsvolle Stecke, die Hobbyfahrer wie auch Profis begeistert. Streckenverordnung\u2026","rel":"","context":"\u00c4hnlicher Beitrag","block_context":{"text":"\u00c4hnlicher Beitrag","link":""},"img":{"alt_text":"","src":"https:\/\/i0.wp.com\/msc-schnaitheim.de\/wordpress\/wp-content\/uploads\/2020\/05\/2020_Strecke_neu-scaled.jpg?resize=350%2C200&ssl=1","width":350,"height":200,"srcset":"https:\/\/i0.wp.com\/msc-schnaitheim.de\/wordpress\/wp-content\/uploads\/2020\/05\/2020_Strecke_neu-scaled.jpg?resize=350%2C200&ssl=1 1x, https:\/\/i0.wp.com\/msc-schnaitheim.de\/wordpress\/wp-content\/uploads\/2020\/05\/2020_Strecke_neu-scaled.jpg?resize=525%2C300&ssl=1 1.5x, https:\/\/i0.wp.com\/msc-schnaitheim.de\/wordpress\/wp-content\/uploads\/2020\/05\/2020_Strecke_neu-scaled.jpg?resize=700%2C400&ssl=1 2x, https:\/\/i0.wp.com\/msc-schnaitheim.de\/wordpress\/wp-content\/uploads\/2020\/05\/2020_Strecke_neu-scaled.jpg?resize=1050%2C600&ssl=1 3x, https:\/\/i0.wp.com\/msc-schnaitheim.de\/wordpress\/wp-content\/uploads\/2020\/05\/2020_Strecke_neu-scaled.jpg?resize=1400%2C800&ssl=1 4x"},"classes":[]},{"id":51,"url":"https:\/\/msc-schnaitheim.de\/wordpress\/wir-ueber-uns\/","url_meta":{"origin":33,"position":1},"title":"Wir \u00fcber uns","author":"webadministrator","date":"2. Februar 2020","format":false,"excerpt":"Tradition seit 1949 Der MSC Schnaitheim e.V. im ADAC ist ein traditionsreicher Verein mit derzeit ca. 360 Mitgliedern, der am 1.10.1949 gegr\u00fcndet wurde. Der Verein kann auf eine erfolgreiche Geschichte zur\u00fcckblicken und hofft auf eine gleichsam erfolgreiche Zukunft.Jahr f\u00fcr Jahr organisieren wir mit unseren tatkr\u00e4ftigen Mitgliedern zahlreiche Motorsportveranstaltungen wie unser\u2026","rel":"","context":"\u00c4hnlicher Beitrag","block_context":{"text":"\u00c4hnlicher Beitrag","link":""},"img":{"alt_text":"","src":"https:\/\/i0.wp.com\/msc-schnaitheim.de\/wordpress\/wp-content\/uploads\/2020\/02\/header_04.png?fit=960%2C395&ssl=1&resize=350%2C200","width":350,"height":200,"srcset":"https:\/\/i0.wp.com\/msc-schnaitheim.de\/wordpress\/wp-content\/uploads\/2020\/02\/header_04.png?fit=960%2C395&ssl=1&resize=350%2C200 1x, https:\/\/i0.wp.com\/msc-schnaitheim.de\/wordpress\/wp-content\/uploads\/2020\/02\/header_04.png?fit=960%2C395&ssl=1&resize=525%2C300 1.5x, https:\/\/i0.wp.com\/msc-schnaitheim.de\/wordpress\/wp-content\/uploads\/2020\/02\/header_04.png?fit=960%2C395&ssl=1&resize=700%2C400 2x"},"classes":[]},{"id":67,"url":"https:\/\/msc-schnaitheim.de\/wordpress\/rennigel\/","url_meta":{"origin":33,"position":2},"title":"Jugendabteilung &#8220;Rennigel&#8221;","author":"webadministrator","date":"2. Februar 2020","format":false,"excerpt":"Die Rennigel vom Hafnerh\u00e4ule Die Motocrossjugend in Schnaitheim das sind die \"Rennigel\". Eine Gruppe von 60 Jugendlichen im Alter von 6 bis 17 Jahren. Der Umgang mit der Technik, die rasanten Geschwindigkeiten und die tollen Spr\u00fcnge faszinieren Jungs und M\u00e4dels. Wer Lust hat diesen spannenden aber auch anspruchsvollen Sport kennen\u2026","rel":"","context":"\u00c4hnlicher Beitrag","block_context":{"text":"\u00c4hnlicher Beitrag","link":""},"img":{"alt_text":"","src":"https:\/\/i0.wp.com\/msc-schnaitheim.de\/wordpress\/wp-content\/uploads\/2020\/02\/header_Rennigel.png?fit=960%2C395&ssl=1&resize=350%2C200","width":350,"height":200,"srcset":"https:\/\/i0.wp.com\/msc-schnaitheim.de\/wordpress\/wp-content\/uploads\/2020\/02\/header_Rennigel.png?fit=960%2C395&ssl=1&resize=350%2C200 1x, https:\/\/i0.wp.com\/msc-schnaitheim.de\/wordpress\/wp-content\/uploads\/2020\/02\/header_Rennigel.png?fit=960%2C395&ssl=1&resize=525%2C300 1.5x, https:\/\/i0.wp.com\/msc-schnaitheim.de\/wordpress\/wp-content\/uploads\/2020\/02\/header_Rennigel.png?fit=960%2C395&ssl=1&resize=700%2C400 2x"},"classes":[]},{"id":1200,"url":"https:\/\/msc-schnaitheim.de\/wordpress\/anmeldung-und-formulare\/","url_meta":{"origin":33,"position":3},"title":"Infos, Anmeldung &#038; Formulare","author":"Markus","date":"5. April 2022","format":false,"excerpt":"Allgemeine Informationen Trainingsinformationen, Trainingszeiten & Trainingsverordnung Tagestrainingspass Lizenzbeihilfe Infos f\u00fcr Einsteiger & Jugendabteilung Ansprechpartner & Vorstand Strecke & Training Anfahrt Mitglied werden Du willst bei uns Mitglied werden? Gerne!F\u00fclle einfach den Mitgliedsantrag aus und das SEPA Lastschriftmandat und bringe es zu den Trainingszeiten in der H\u00fctte vorbei oder sende uns\u2026","rel":"","context":"\u00c4hnlicher Beitrag","block_context":{"text":"\u00c4hnlicher Beitrag","link":""},"img":{"alt_text":"","src":"","width":0,"height":0},"classes":[]},{"id":1842,"url":"https:\/\/msc-schnaitheim.de\/wordpress\/","url_meta":{"origin":33,"position":4},"title":"MSC Schnaitheim","author":"Markus","date":"2. Oktober 2022","format":false,"excerpt":"Aktuelles 2026 Hallo liebe Motocross-Freunde, liebe Eltern und Jugendliche, der MSC Schnaitheim l\u00e4dt euch herzlich zum Motocross Jugendcamp im Rahmen des Pfingstlagers 2026 ein! \ud83d\udcc5 Datum: 25.05. \u2013 27.05.2026\ud83c\udfcd Klassen: 50 bis 125 ccm\ud83d\udc66\ud83d\udc67 Alter: 6 bis 18 Jahre Freut euch auf drei Tage voller Motocross, Training, Action und Gemeinschaft!Euch\u2026","rel":"","context":"\u00c4hnlicher Beitrag","block_context":{"text":"\u00c4hnlicher Beitrag","link":""},"img":{"alt_text":"","src":"https:\/\/i0.wp.com\/msc-schnaitheim.de\/wordpress\/wp-content\/uploads\/2026\/04\/Jugend-Camp-1.jpeg?resize=350%2C200&ssl=1","width":350,"height":200,"srcset":"https:\/\/i0.wp.com\/msc-schnaitheim.de\/wordpress\/wp-content\/uploads\/2026\/04\/Jugend-Camp-1.jpeg?resize=350%2C200&ssl=1 1x, https:\/\/i0.wp.com\/msc-schnaitheim.de\/wordpress\/wp-content\/uploads\/2026\/04\/Jugend-Camp-1.jpeg?resize=525%2C300&ssl=1 1.5x, https:\/\/i0.wp.com\/msc-schnaitheim.de\/wordpress\/wp-content\/uploads\/2026\/04\/Jugend-Camp-1.jpeg?resize=700%2C400&ssl=1 2x, https:\/\/i0.wp.com\/msc-schnaitheim.de\/wordpress\/wp-content\/uploads\/2026\/04\/Jugend-Camp-1.jpeg?resize=1050%2C600&ssl=1 3x, https:\/\/i0.wp.com\/msc-schnaitheim.de\/wordpress\/wp-content\/uploads\/2026\/04\/Jugend-Camp-1.jpeg?resize=1400%2C800&ssl=1 4x"},"classes":[]},{"id":69,"url":"https:\/\/msc-schnaitheim.de\/wordpress\/infos-fuer-einsteiger\/","url_meta":{"origin":33,"position":5},"title":"Infos f\u00fcr Einsteiger und Jugendabteilung","author":"webadministrator","date":"2. Februar 2020","format":false,"excerpt":"Jugendleiter Maik Schretzenmayer Zu erreichen unter: jugendleitung@msc-schnaitheim.de Einstieg ins Motocross Motocross ist ein Extrem-Sport und eine Begleitperson muss immer dabei sein.Die Jugendlichen werden konditionell und im Selbstbewusstsein extrem gefordert und gleichzeitig gest\u00e4rkt.Sicherheit hat oberste Priorit\u00e4t!\u00a0Die Technik und Ausr\u00fcstung muss immer Top in Ordnung sein. Gesundheitlich und konditionell muss jeder Fahrer\u2026","rel":"","context":"\u00c4hnlicher Beitrag","block_context":{"text":"\u00c4hnlicher Beitrag","link":""},"img":{"alt_text":"","src":"https:\/\/i0.wp.com\/msc-schnaitheim.de\/wordpress\/wp-content\/uploads\/2024\/04\/Maik-Schretzenmeyer.png?resize=350%2C200&ssl=1","width":350,"height":200,"srcset":"https:\/\/i0.wp.com\/msc-schnaitheim.de\/wordpress\/wp-content\/uploads\/2024\/04\/Maik-Schretzenmeyer.png?resize=350%2C200&ssl=1 1x, https:\/\/i0.wp.com\/msc-schnaitheim.de\/wordpress\/wp-content\/uploads\/2024\/04\/Maik-Schretzenmeyer.png?resize=525%2C300&ssl=1 1.5x, https:\/\/i0.wp.com\/msc-schnaitheim.de\/wordpress\/wp-content\/uploads\/2024\/04\/Maik-Schretzenmeyer.png?resize=700%2C400&ssl=1 2x"},"classes":[]}],"jetpack_sharing_enabled":true,"publishpress_future_action":{"enabled":false,"date":"2026-05-06 12:49:08","action":"change-status","newStatus":"draft","terms":[],"taxonomy":""},"publishpress_future_workflow_manual_trigger":{"enabledWorkflows":[]},"_links":{"self":[{"href":"https:\/\/msc-schnaitheim.de\/wordpress\/wp-json\/wp\/v2\/pages\/33","targetHints":{"allow":["GET"]}}],"collection":[{"href":"https:\/\/msc-schnaitheim.de\/wordpress\/wp-json\/wp\/v2\/pages"}],"about":[{"href":"https:\/\/msc-schnaitheim.de\/wordpress\/wp-json\/wp\/v2\/types\/page"}],"author":[{"embeddable":true,"href":"https:\/\/msc-schnaitheim.de\/wordpress\/wp-json\/wp\/v2\/users\/1"}],"replies":[{"embeddable":true,"href":"https:\/\/msc-schnaitheim.de\/wordpress\/wp-json\/wp\/v2\/comments?post=33"}],"version-history":[{"count":18,"href":"https:\/\/msc-schnaitheim.de\/wordpress\/wp-json\/wp\/v2\/pages\/33\/revisions"}],"predecessor-version":[{"id":652,"href":"https:\/\/msc-schnaitheim.de\/wordpress\/wp-json\/wp\/v2\/pages\/33\/revisions\/652"}],"wp:attachment":[{"href":"https:\/\/msc-schnaitheim.de\/wordpress\/wp-json\/wp\/v2\/media?parent=33"}],"curies":[{"name":"wp","href":"https:\/\/api.w.org\/{rel}","templated":true}]}}

<h2 class="wp-block-heading">Training vom 24. Mai 2020</h2>



ngg_shortcode_0_placeholder



<hr class="wp-block-separator"/>



<h2 class="wp-block-heading">Erstes Training 13. Mai 2020</h2>



ngg_shortcode_1_placeholder



<hr class="wp-block-separator"/>



<h2 class="wp-block-heading">MSC Strecke auf dem Hafnerhäule 2020</h2>



ngg_shortcode_2_placeholder



Luftbildaufnahmen der Strecke vom Mai 2020. Vielen Dank dafür an <a href="https://maier-drohne-foto.wixsite.com/homepage">HarTmuT mAIeR</a>.



<hr class="wp-block-separator"/>



<h2 class="wp-block-heading">Die Strecke wartet</h2>



ngg_shortcode_3_placeholder



Aufgrund der Corona Pandemie muss die Strecke momentan auf die Fahrer warten



<hr class="wp-block-separator"/>



<h2 class="wp-block-heading">Die Jugend beim Training 2019</h2>



ngg_shortcode_4_placeholder



<hr class="wp-block-separator"/>



<h2 class="wp-block-heading">DM 2019</h2>



ngg_shortcode_5_placeholder



<hr class="wp-block-separator"/>

<p>Training vom 24. Mai 2020 Erstes Training 13. Mai 2020 MSC Strecke auf dem Hafnerhäule 2020 Luftbildaufnahmen der Strecke vom Mai 2020. Vielen Dank dafür an HarTmuT mAIeR. Die Strecke wartet Aufgrund der Corona Pandemie muss die Strecke momentan auf</p>

Streckenbeschreibung der DM-Strecke "am Hafnerhäule" Lehmiger Hartboden mit kleinen Steinen. Die Strecke ist durchgehend 6 Meter breit, weitläufig und zeichnet sich zudem durch steile Auf- und Abfahrten aus. Lange und kurze Table, Step-Up, Step-Down und Wellen runden die DM-Strecke ab. Eine anspruchsvolle Stecke, die Hobbyfahrer wie auch Profis begeistert. Streckenverordnung…

Ähnlicher Beitrag

Wir über uns

Tradition seit 1949 Der MSC Schnaitheim e.V. im ADAC ist ein traditionsreicher Verein mit derzeit ca. 360 Mitgliedern, der am 1.10.1949 gegründet wurde. Der Verein kann auf eine erfolgreiche Geschichte zurückblicken und hofft auf eine gleichsam erfolgreiche Zukunft.Jahr für Jahr organisieren wir mit unseren tatkräftigen Mitgliedern zahlreiche Motorsportveranstaltungen wie unser…

Die Rennigel vom Hafnerhäule Die Motocrossjugend in Schnaitheim das sind die "Rennigel". Eine Gruppe von 60 Jugendlichen im Alter von 6 bis 17 Jahren. Der Umgang mit der Technik, die rasanten Geschwindigkeiten und die tollen Sprünge faszinieren Jungs und Mädels. Wer Lust hat diesen spannenden aber auch anspruchsvollen Sport kennen…

Allgemeine Informationen Trainingsinformationen, Trainingszeiten & Trainingsverordnung Tagestrainingspass Lizenzbeihilfe Infos für Einsteiger & Jugendabteilung Ansprechpartner & Vorstand Strecke & Training Anfahrt Mitglied werden Du willst bei uns Mitglied werden? Gerne!Fülle einfach den Mitgliedsantrag aus und das SEPA Lastschriftmandat und bringe es zu den Trainingszeiten in der Hütte vorbei oder sende uns…

Aktuelles 2026 Hallo liebe Motocross-Freunde, liebe Eltern und Jugendliche, der MSC Schnaitheim lädt euch herzlich zum Motocross Jugendcamp im Rahmen des Pfingstlagers 2026 ein! 📅 Datum: 25.05. – 27.05.2026🏍 Klassen: 50 bis 125 ccm👦👧 Alter: 6 bis 18 Jahre Freut euch auf drei Tage voller Motocross, Training, Action und Gemeinschaft!Euch…

Infos für Einsteiger und Jugendabteilung

Jugendleiter Maik Schretzenmayer Zu erreichen unter: jugendleitung@msc-schnaitheim.de Einstieg ins Motocross Motocross ist ein Extrem-Sport und eine Begleitperson muss immer dabei sein.Die Jugendlichen werden konditionell und im Selbstbewusstsein extrem gefordert und gleichzeitig gestärkt.Sicherheit hat oberste Priorität! Die Technik und Ausrüstung muss immer Top in Ordnung sein. Gesundheitlich und konditionell muss jeder Fahrer…
