{"id":31,"date":"2020-02-02T10:46:04","date_gmt":"2020-02-02T09:46:04","guid":{"rendered":"http:\/\/localhost\/wordpress\/?page_id=31"},"modified":"2020-11-25T20:48:10","modified_gmt":"2020-11-25T19:48:10","slug":"strecke-trainingszeiten","status":"publish","type":"page","link":"https:\/\/msc-schnaitheim.de\/wordpress\/strecke-trainingszeiten\/","title":{"rendered":"Strecke &#038; Training"},"content":{"rendered":"\n<h2 class=\"wp-block-heading\">Streckenbeschreibung der DM-Strecke &#8220;am Hafnerh\u00e4ule&#8221;<\/h2>\n\n\n\n<p>Lehmiger Hartboden mit kleinen Steinen. <br>Die\n Strecke ist durchgehend 6 Meter breit, weitl\u00e4ufig und zeichnet sich \nzudem durch steile Auf- und Abfahrten aus. Lange und kurze Table, \nStep-Up, Step-Down und Wellen runden die DM-Strecke ab. <br>Eine anspruchsvolle Stecke, die Hobbyfahrer wie auch Profis begeistert.<br><\/p>\n\n\n\n<figure class=\"wp-block-image size-large\"><img data-recalc-dims=\"1\" decoding=\"async\" width=\"750\" height=\"530\" src=\"https:\/\/i0.wp.com\/msc-schnaitheim.de\/wordpress\/wp-content\/uploads\/2020\/05\/2020_Strecke_neu-scaled.jpg?resize=750%2C530&#038;ssl=1\" alt=\"\" class=\"wp-image-481\" srcset=\"https:\/\/i0.wp.com\/msc-schnaitheim.de\/wordpress\/wp-content\/uploads\/2020\/05\/2020_Strecke_neu-scaled.jpg?w=2560&amp;ssl=1 2560w, https:\/\/i0.wp.com\/msc-schnaitheim.de\/wordpress\/wp-content\/uploads\/2020\/05\/2020_Strecke_neu-scaled.jpg?resize=300%2C212&amp;ssl=1 300w, https:\/\/i0.wp.com\/msc-schnaitheim.de\/wordpress\/wp-content\/uploads\/2020\/05\/2020_Strecke_neu-scaled.jpg?resize=768%2C543&amp;ssl=1 768w, https:\/\/i0.wp.com\/msc-schnaitheim.de\/wordpress\/wp-content\/uploads\/2020\/05\/2020_Strecke_neu-scaled.jpg?resize=2048%2C1448&amp;ssl=1 2048w, https:\/\/i0.wp.com\/msc-schnaitheim.de\/wordpress\/wp-content\/uploads\/2020\/05\/2020_Strecke_neu-scaled.jpg?w=1500&amp;ssl=1 1500w, https:\/\/i0.wp.com\/msc-schnaitheim.de\/wordpress\/wp-content\/uploads\/2020\/05\/2020_Strecke_neu-scaled.jpg?w=2250&amp;ssl=1 2250w\" sizes=\"(max-width: 750px) 100vw, 750px\" \/><\/figure>\n\n\n\n<h2 class=\"wp-block-heading\">Streckenverordnung<\/h2>\n\n\n\n<p><strong>WIR BITTEN EUCH DIESE REGELN EINZUHALTEN!!!<br><\/strong><\/p>\n\n\n\n<ul class=\"wp-block-list\"><li>Bei der Anfahrt zur Strecke und im Fahrerlager ist auf die StVO zu achten.&nbsp;<\/li><li>Bitte in der Zufahrtstrasse (Kapell- und Lammstrasse) 30 km\/h fahren!&nbsp;<\/li><li>Nicht  auf der Zufahrt zur Strecke parken. Trainingsteilnehmer m\u00fcssen  ordentlich im Fahrerlager parken. Nicht in den Wiesen\/Felder parken!<\/li><li>ZUFAHRT  ZUR STRECKE mit dem Bike nicht \u00fcber die Teerstrasse sondern hinten  \u00fcbers Fahrerlager!!! Die Teerstrasse ist eine \u00f6ffentliche Strasse und  Ihr macht&nbsp;Euch strafbar wenn Ihr dort mit dem MX-Bike fahrt!!!<\/li><li>Au\u00dferhalb der MotoCross Strecke ist Schritttempo einzuhalten<\/li><li>Beim Tanken muss eine Unterlage unter dem Motorrad liegen.<\/li><li>Das Befahren der Strecke ist nur in geeigneter Schutzkleidung zul\u00e4ssig.<\/li><li>Die Strecke darf nur in der vorgesehenen Fahrtrichtung befahren werden. Vorsichtig in die Strecke einfahren, auf andere achten!<\/li><li>Vor  dem Befahren der Strecke muss sich jeder selbst vom Streckenverlauf und  von der Streckenbeschaffenheit \u00fcberzeugt haben. Die erste Runde immer  vorsichtig fahren!<\/li><li>W\u00e4hrend den Trainings ist es nicht erlaubt, die Strecke abzuk\u00fcrzen, wenn eine Gefahr f\u00fcr Dritte besteht. <br>Es ist verboten auf der Strecke anzuhalten. (Aktive -&gt; ganze Strecke, Jugend -&gt; Jugendstrecke).<\/li><li>Beim Herausfahren aus der Strecke bitte die Hand heben! Nur im Start-Zielbereich rausfahren<\/li><li>Das Betreten oder \u00dcberqueren der Strecke ist f\u00fcr Zuschauer nicht gestattet.<\/li><li>Jeder  Fahrer muss sich so verhalten, dass er sich und andere Fahrer sowie  Dritte nicht gef\u00e4hrdet. Wer andere fahrl\u00e4ssig gef\u00e4hrdet, erh\u00e4lt  Trainingsverbot!<\/li><li>Bei starker Staubentwicklung kann das Training abgebrochen, in Gruppen aufgeteilt oder keine Gastfahrer zugelassen werden.<\/li><li>Zum  Fahren berechtigt nur ein g\u00fcltiger Trainingsausweis oder die bezahlte  Trainingsgeb\u00fchr (Gastfahrer &#8211; nur Mittwochs) und eine unterschriebene  Haftungsverzichtserkl\u00e4rung.<\/li><li>Gastfahrer am Sonntag sind nicht  erlaubt. Gastfahrer k\u00f6nnen gegen eine Geb\u00fchr von \u20ac 20,-\u20ac am Mittwoch  trainieren. Zuerst zahlen, dann fahren!<\/li><li>Hier geht&#8217;s zur obligatorischen <a href=\"https:\/\/msc-schnaitheim.de\/wordpress\/gastfahrer-anmeldung-2\/\">Gastfahrer-Anmeldung<\/a>.<\/li><\/ul>\n","protected":false},"excerpt":{"rendered":"<p>Streckenbeschreibung der DM-Strecke &#8220;am Hafnerh\u00e4ule&#8221; Lehmiger Hartboden mit kleinen Steinen. Die Strecke ist durchgehend 6 Meter breit, weitl\u00e4ufig und zeichnet sich zudem durch steile Auf- und Abfahrten aus. Lange und kurze Table, Step-Up, Step-Down und Wellen runden die DM-Strecke ab.<\/p>\n","protected":false},"author":1,"featured_media":0,"parent":0,"menu_order":0,"comment_status":"closed","ping_status":"closed","template":"","meta":{"advanced_seo_description":"","jetpack_seo_html_title":"","jetpack_seo_noindex":false,"ngg_post_thumbnail":0,"footnotes":""},"class_list":["post-31","page","type-page","status-publish","hentry"],"jetpack-related-posts":[{"id":33,"url":"https:\/\/msc-schnaitheim.de\/wordpress\/bilder\/","url_meta":{"origin":31,"position":0},"title":"Bilder","author":"webadministrator","date":"2. Februar 2020","format":false,"excerpt":"Training vom 24. Mai 2020 Erstes Training 13. Mai 2020 MSC Strecke auf dem Hafnerh\u00e4ule 2020 Luftbildaufnahmen der Strecke vom Mai 2020. Vielen Dank daf\u00fcr an HarTmuT mAIeR. Die Strecke wartet Aufgrund der Corona Pandemie muss die Strecke momentan auf die Fahrer warten Die Jugend beim Training 2019 DM 2019","rel":"","context":"\u00c4hnlicher Beitrag","block_context":{"text":"\u00c4hnlicher Beitrag","link":""},"img":{"alt_text":"","src":"","width":0,"height":0},"classes":[]},{"id":61,"url":"https:\/\/msc-schnaitheim.de\/wordpress\/anfahrt\/","url_meta":{"origin":31,"position":1},"title":"Anfahrt","author":"webadministrator","date":"2. Februar 2020","format":false,"excerpt":"Ihr Weg zur Motocross-Strecke \"Hafnerh\u00e4ule\": Auf nach Schnaitheim GPS Koordinaten (Fahrerlager): +48\u00b0 43' 8.40\", +10\u00b0 10' 51.68\" Anfahrtsbeschreibung Der MSC-Schnaitheim hat seine traditionsreiche Rennstrecke in Schnaitheim in der N\u00e4he von Heidenheim. Von der Autobahn A7 kommend nimmt man die Ausfahrt Heidenheim und f\u00e4hrt dann in Richtung Heidenheim.\u00a0Nach ca. 2 km\u2026","rel":"","context":"\u00c4hnlicher Beitrag","block_context":{"text":"\u00c4hnlicher Beitrag","link":""},"img":{"alt_text":"","src":"https:\/\/i0.wp.com\/msc-schnaitheim.de\/wordpress\/wp-content\/uploads\/2020\/02\/header_04.png?fit=960%2C395&ssl=1&resize=350%2C200","width":350,"height":200,"srcset":"https:\/\/i0.wp.com\/msc-schnaitheim.de\/wordpress\/wp-content\/uploads\/2020\/02\/header_04.png?fit=960%2C395&ssl=1&resize=350%2C200 1x, https:\/\/i0.wp.com\/msc-schnaitheim.de\/wordpress\/wp-content\/uploads\/2020\/02\/header_04.png?fit=960%2C395&ssl=1&resize=525%2C300 1.5x, https:\/\/i0.wp.com\/msc-schnaitheim.de\/wordpress\/wp-content\/uploads\/2020\/02\/header_04.png?fit=960%2C395&ssl=1&resize=700%2C400 2x"},"classes":[]},{"id":1200,"url":"https:\/\/msc-schnaitheim.de\/wordpress\/anmeldung-und-formulare\/","url_meta":{"origin":31,"position":2},"title":"Infos, Anmeldung &#038; Formulare","author":"Markus","date":"5. April 2022","format":false,"excerpt":"Allgemeine Informationen Trainingsinformationen, Trainingszeiten & Trainingsverordnung Tagestrainingspass Lizenzbeihilfe Infos f\u00fcr Einsteiger & Jugendabteilung Ansprechpartner & Vorstand Strecke & Training Anfahrt Mitglied werden Du willst bei uns Mitglied werden? Gerne!F\u00fclle einfach den Mitgliedsantrag aus und das SEPA Lastschriftmandat und bringe es zu den Trainingszeiten in der H\u00fctte vorbei oder sende uns\u2026","rel":"","context":"\u00c4hnlicher Beitrag","block_context":{"text":"\u00c4hnlicher Beitrag","link":""},"img":{"alt_text":"","src":"","width":0,"height":0},"classes":[]},{"id":67,"url":"https:\/\/msc-schnaitheim.de\/wordpress\/rennigel\/","url_meta":{"origin":31,"position":3},"title":"Jugendabteilung &#8220;Rennigel&#8221;","author":"webadministrator","date":"2. Februar 2020","format":false,"excerpt":"Die Rennigel vom Hafnerh\u00e4ule Die Motocrossjugend in Schnaitheim das sind die \"Rennigel\". Eine Gruppe von 60 Jugendlichen im Alter von 6 bis 17 Jahren. Der Umgang mit der Technik, die rasanten Geschwindigkeiten und die tollen Spr\u00fcnge faszinieren Jungs und M\u00e4dels. Wer Lust hat diesen spannenden aber auch anspruchsvollen Sport kennen\u2026","rel":"","context":"\u00c4hnlicher Beitrag","block_context":{"text":"\u00c4hnlicher Beitrag","link":""},"img":{"alt_text":"","src":"https:\/\/i0.wp.com\/msc-schnaitheim.de\/wordpress\/wp-content\/uploads\/2020\/02\/header_Rennigel.png?fit=960%2C395&ssl=1&resize=350%2C200","width":350,"height":200,"srcset":"https:\/\/i0.wp.com\/msc-schnaitheim.de\/wordpress\/wp-content\/uploads\/2020\/02\/header_Rennigel.png?fit=960%2C395&ssl=1&resize=350%2C200 1x, https:\/\/i0.wp.com\/msc-schnaitheim.de\/wordpress\/wp-content\/uploads\/2020\/02\/header_Rennigel.png?fit=960%2C395&ssl=1&resize=525%2C300 1.5x, https:\/\/i0.wp.com\/msc-schnaitheim.de\/wordpress\/wp-content\/uploads\/2020\/02\/header_Rennigel.png?fit=960%2C395&ssl=1&resize=700%2C400 2x"},"classes":[]},{"id":51,"url":"https:\/\/msc-schnaitheim.de\/wordpress\/wir-ueber-uns\/","url_meta":{"origin":31,"position":4},"title":"Wir \u00fcber uns","author":"webadministrator","date":"2. Februar 2020","format":false,"excerpt":"Tradition seit 1949 Der MSC Schnaitheim e.V. im ADAC ist ein traditionsreicher Verein mit derzeit ca. 360 Mitgliedern, der am 1.10.1949 gegr\u00fcndet wurde. Der Verein kann auf eine erfolgreiche Geschichte zur\u00fcckblicken und hofft auf eine gleichsam erfolgreiche Zukunft.Jahr f\u00fcr Jahr organisieren wir mit unseren tatkr\u00e4ftigen Mitgliedern zahlreiche Motorsportveranstaltungen wie unser\u2026","rel":"","context":"\u00c4hnlicher Beitrag","block_context":{"text":"\u00c4hnlicher Beitrag","link":""},"img":{"alt_text":"","src":"https:\/\/i0.wp.com\/msc-schnaitheim.de\/wordpress\/wp-content\/uploads\/2020\/02\/header_04.png?fit=960%2C395&ssl=1&resize=350%2C200","width":350,"height":200,"srcset":"https:\/\/i0.wp.com\/msc-schnaitheim.de\/wordpress\/wp-content\/uploads\/2020\/02\/header_04.png?fit=960%2C395&ssl=1&resize=350%2C200 1x, https:\/\/i0.wp.com\/msc-schnaitheim.de\/wordpress\/wp-content\/uploads\/2020\/02\/header_04.png?fit=960%2C395&ssl=1&resize=525%2C300 1.5x, https:\/\/i0.wp.com\/msc-schnaitheim.de\/wordpress\/wp-content\/uploads\/2020\/02\/header_04.png?fit=960%2C395&ssl=1&resize=700%2C400 2x"},"classes":[]},{"id":57,"url":"https:\/\/msc-schnaitheim.de\/wordpress\/vorstand\/","url_meta":{"origin":31,"position":5},"title":"Vorstand","author":"webadministrator","date":"2. Februar 2020","format":false,"excerpt":"1.\u00a0Vorsitzender Franz Balle Gerhart-Hauptmann-Weg 7, 73447 OberkochenTel.: \u00a00173-6512541 Mail: vorsitzender@msc-schnaitheim.de 2.\u00a0Vorsitzender Joachim Fischer Mail: zweiter-vorsitzender@msc-schnaitheim.de Kassierer Angela Stelzer Mail: schatzmeister@msc-schnaitheim.de Buchhaltung Angela Stelzer Mail: buchhaltung@msc-schnaitheim.de Sportleiter Markus Kaufmann Mail: rennleitung@msc-schnaitheim.de Jugendleiter Maik Schretzenmeyer Mail: jugendleitung@msc-schnaitheim.de Presse David Neuwerth Mail: presse@msc-schnaitheim.de Streckenwart Andreas Sperrle Mail: streckenwart@msc-schnaitheim.de Marketingbeauftragter Christoph Weichert Mail: info@goldschmied-weichert.de\u2026","rel":"","context":"\u00c4hnlicher Beitrag","block_context":{"text":"\u00c4hnlicher Beitrag","link":""},"img":{"alt_text":"","src":"https:\/\/i0.wp.com\/msc-schnaitheim.de\/wordpress\/wp-content\/uploads\/2025\/03\/DavidNeuwerth.jpg?resize=350%2C200&ssl=1","width":350,"height":200,"srcset":"https:\/\/i0.wp.com\/msc-schnaitheim.de\/wordpress\/wp-content\/uploads\/2025\/03\/DavidNeuwerth.jpg?resize=350%2C200&ssl=1 1x, https:\/\/i0.wp.com\/msc-schnaitheim.de\/wordpress\/wp-content\/uploads\/2025\/03\/DavidNeuwerth.jpg?resize=525%2C300&ssl=1 1.5x, https:\/\/i0.wp.com\/msc-schnaitheim.de\/wordpress\/wp-content\/uploads\/2025\/03\/DavidNeuwerth.jpg?resize=700%2C400&ssl=1 2x"},"classes":[]}],"jetpack_sharing_enabled":true,"publishpress_future_action":{"enabled":false,"date":"2026-04-10 22:28:07","action":"change-status","newStatus":"draft","terms":[],"taxonomy":""},"publishpress_future_workflow_manual_trigger":{"enabledWorkflows":[]},"_links":{"self":[{"href":"https:\/\/msc-schnaitheim.de\/wordpress\/wp-json\/wp\/v2\/pages\/31","targetHints":{"allow":["GET"]}}],"collection":[{"href":"https:\/\/msc-schnaitheim.de\/wordpress\/wp-json\/wp\/v2\/pages"}],"about":[{"href":"https:\/\/msc-schnaitheim.de\/wordpress\/wp-json\/wp\/v2\/types\/page"}],"author":[{"embeddable":true,"href":"https:\/\/msc-schnaitheim.de\/wordpress\/wp-json\/wp\/v2\/users\/1"}],"replies":[{"embeddable":true,"href":"https:\/\/msc-schnaitheim.de\/wordpress\/wp-json\/wp\/v2\/comments?post=31"}],"version-history":[{"count":7,"href":"https:\/\/msc-schnaitheim.de\/wordpress\/wp-json\/wp\/v2\/pages\/31\/revisions"}],"predecessor-version":[{"id":773,"href":"https:\/\/msc-schnaitheim.de\/wordpress\/wp-json\/wp\/v2\/pages\/31\/revisions\/773"}],"wp:attachment":[{"href":"https:\/\/msc-schnaitheim.de\/wordpress\/wp-json\/wp\/v2\/media?parent=31"}],"curies":[{"name":"wp","href":"https:\/\/api.w.org\/{rel}","templated":true}]}}