{"id":1507,"date":"2022-05-03T15:48:53","date_gmt":"2022-05-03T13:48:53","guid":{"rendered":"https:\/\/msc-schnaitheim.de\/wordpress\/?page_id=1507"},"modified":"2026-04-17T17:28:04","modified_gmt":"2026-04-17T15:28:04","slug":"vereinsintern","status":"publish","type":"page","link":"https:\/\/msc-schnaitheim.de\/wordpress\/vereinsintern\/","title":{"rendered":"Vereinsintern"},"content":{"rendered":"\n<p>Vereinsinterne Informationen zu internen Veranstaltungen, Berichten und Helferaufrufen.<\/p>\n\n\n\n<hr class=\"wp-block-separator\"\/>\n\n\n\n<div class=\"wp-block-query is-layout-flow wp-block-query-is-layout-flow\"><ul class=\"wp-block-post-template is-layout-flow wp-block-post-template-is-layout-flow\"><li class=\"wp-block-post post-2954 post type-post status-publish format-standard hentry category-bwcup category-bwpokal category-helferaufruf category-jugend category-veranstaltung category-vereinsintern tag-bwcup tag-bwpokal tag-helferaufruf tag-jugend\">\n<h2 class=\"wp-block-post-title\"><a href=\"https:\/\/msc-schnaitheim.de\/wordpress\/2025\/07\/22\/helfer-fur-den-adac-bw-cup-jugend-am\/\" target=\"_self\" >Helfer f\u00fcr den ADAC-Jugend-Moto-Cross am 13. September<\/a><\/h2>\n\n\n\n<div class=\"wp-block-post-excerpt\"><p class=\"wp-block-post-excerpt__excerpt\">Liebe Mitglieder, f\u00fcr unseren diesj\u00e4hrigen ADAC BW-Cup der Jugend am 13. September ben\u00f6tigen wir wieder Eure Unterst\u00fctzung f\u00fcr die Vorbereitung und Durchf\u00fchrung des Rennens. <\/p><\/div>\n\n\n<hr class=\"wp-block-separator\"\/>\n\n<\/li><li class=\"wp-block-post post-2924 post type-post status-publish format-standard hentry category-gastfahrer category-training category-vereinsintern tag-vereinsintern\">\n<h2 class=\"wp-block-post-title\"><a href=\"https:\/\/msc-schnaitheim.de\/wordpress\/2025\/04\/14\/strecke-bleibt-ueber-ostern-geschlossen\/\" target=\"_self\" >Strecke bleibt \u00fcber Ostern geschlossen<\/a><\/h2>\n\n\n\n<div class=\"wp-block-post-excerpt\"><p class=\"wp-block-post-excerpt__excerpt\">Liebe Vereinsmitglieder, unsere Strecke bleibt \u00fcber die Osterfeiertage geschlossen. Wir w\u00fcnschen Euch allen frohe Ostern. <\/p><\/div>\n\n\n<hr class=\"wp-block-separator\"\/>\n\n<\/li><li class=\"wp-block-post post-2611 post type-post status-publish format-standard hentry category-helferaufruf category-vereinsintern tag-dm tag-helferaufruf tag-vereinsintern\">\n<h2 class=\"wp-block-post-title\"><a href=\"https:\/\/msc-schnaitheim.de\/wordpress\/2025\/03\/08\/helfer-fuer-die-dm-open-am-6-april\/\" target=\"_self\" >Helfer f\u00fcr die DM Open am 6. April<\/a><\/h2>\n\n\n\n<div class=\"wp-block-post-excerpt\"><p class=\"wp-block-post-excerpt__excerpt\">Liebe Mitglieder,f\u00fcr unser diesj\u00e4hriges DM-Open Rennen am 6. April ben\u00f6tigen wir wieder Eure Unterst\u00fctzung f\u00fcr die Vorbereitung und Durchf\u00fchrung des Rennens. Folgend findet ihr eine Helferliste mit der Bitte Euch f\u00fcr die Dienste zu melden. Die Anmeldung findet ihr weiter <\/p><\/div>\n\n\n<hr class=\"wp-block-separator\"\/>\n\n<\/li><li class=\"wp-block-post post-2515 post type-post status-publish format-standard hentry category-jugend category-termine category-training category-trainingslager category-vereinsintern tag-jugend tag-trainingslager tag-vereinsintern\">\n<h2 class=\"wp-block-post-title\"><a href=\"https:\/\/msc-schnaitheim.de\/wordpress\/2024\/06\/18\/sondertrainingstag-fuer-msc-mitglieder\/\" target=\"_self\" >Sondertrainingstag f\u00fcr MSC-Mitglieder<\/a><\/h2>\n\n\n\n<div class=\"wp-block-post-excerpt\"><p class=\"wp-block-post-excerpt__excerpt\">Am Samstag den 13. Juli bieten wir all unseren Trainingspass-Inhabern ein Motocross-Training auf unserer Strecke an. <\/p><\/div>\n\n\n<hr class=\"wp-block-separator\"\/>\n\n<\/li><li class=\"wp-block-post post-2325 post type-post status-publish format-standard hentry category-hauptversammlung category-vereinsintern tag-hauptversammlung\">\n<h2 class=\"wp-block-post-title\"><a href=\"https:\/\/msc-schnaitheim.de\/wordpress\/2024\/01\/16\/bericht-hauptversammlung-2024\/\" target=\"_self\" >Bericht Hauptversammlung 2024<\/a><\/h2>\n\n\n\n<div class=\"wp-block-post-excerpt\"><p class=\"wp-block-post-excerpt__excerpt\">Jahreshauptversammlung des Motorsportverein Schnaitheim am 12. Januar 2024 Ort: Gastst\u00e4tte Waldhorn in Rotensohl <\/p><\/div>\n\n\n<hr class=\"wp-block-separator\"\/>\n\n<\/li><li class=\"wp-block-post post-1950 post type-post status-publish format-standard hentry category-jahresabschlussfeier category-vereinsintern tag-abschlussfeier\">\n<h2 class=\"wp-block-post-title\"><a href=\"https:\/\/msc-schnaitheim.de\/wordpress\/2022\/12\/17\/bericht-jaf-msc-schnaitheim\/\" target=\"_self\" >Bericht JAF MSC Schnaitheim<\/a><\/h2>\n\n\n\n<div class=\"wp-block-post-excerpt\"><p class=\"wp-block-post-excerpt__excerpt\">Nach zwei Jahren Zwangspause, aufgrund der Pandemie, konnten wir dieses Jahr wieder eine Jahresabschlussfeier veranstalten. Der Saal war besser gef\u00fcllt denn je. Ein kurzer Jahresr\u00fcckblick von unserem 1. Vorstand Franz Balle machte den offiziellen Beginn. Danach kamen die Ehrungen der <\/p><\/div>\n\n\n<hr class=\"wp-block-separator\"\/>\n\n<\/li><li class=\"wp-block-post post-1659 post type-post status-publish format-standard hentry category-jugend category-trainingslager category-vereinsintern tag-jugend tag-trainingslager\">\n<h2 class=\"wp-block-post-title\"><a href=\"https:\/\/msc-schnaitheim.de\/wordpress\/2022\/05\/16\/msc-jugendtrainslager-2022\/\" target=\"_self\" >MSC Jugendtrainslager 2022<\/a><\/h2>\n\n\n\n<div class=\"wp-block-post-excerpt\"><p class=\"wp-block-post-excerpt__excerpt\">Wie bereits angek\u00fcndigt findet vom 7. - 9. Juni 2022 ein Jugendlager \/ Lehrgang auf unserer Strecke zur Vorbereitung auf das Rennen statt. Hier k\u00f6nnt Ihr Euch anmelden. <\/p><\/div>\n\n\n<hr class=\"wp-block-separator\"\/>\n\n<\/li><li class=\"wp-block-post post-1548 post type-post status-publish format-standard has-post-thumbnail hentry category-jugend category-vereinsintern\">\n<h2 class=\"wp-block-post-title\"><a href=\"https:\/\/msc-schnaitheim.de\/wordpress\/2022\/05\/07\/sx-supercross-in-stuttgart-am-4-november-2022\/\" target=\"_self\" >SX Supercross in Stuttgart am 4. November 2022<\/a><\/h2>\n\n<figure class=\"alignwide wp-block-post-featured-image\"><a href=\"https:\/\/msc-schnaitheim.de\/wordpress\/2022\/05\/07\/sx-supercross-in-stuttgart-am-4-november-2022\/\" target=\"_self\"  ><img data-recalc-dims=\"1\" decoding=\"async\" width=\"750\" height=\"525\" src=\"https:\/\/i0.wp.com\/msc-schnaitheim.de\/wordpress\/wp-content\/uploads\/2022\/05\/ADAC_Supercross_Website_Header_1.jpg?resize=750%2C525&#038;ssl=1\" class=\"attachment-post-thumbnail size-post-thumbnail wp-post-image\" alt=\"SX Supercross in Stuttgart am 4. November 2022\" style=\"object-fit:cover;\" srcset=\"https:\/\/i0.wp.com\/msc-schnaitheim.de\/wordpress\/wp-content\/uploads\/2022\/05\/ADAC_Supercross_Website_Header_1.jpg?w=2000&amp;ssl=1 2000w, https:\/\/i0.wp.com\/msc-schnaitheim.de\/wordpress\/wp-content\/uploads\/2022\/05\/ADAC_Supercross_Website_Header_1.jpg?resize=200%2C140&amp;ssl=1 200w, https:\/\/i0.wp.com\/msc-schnaitheim.de\/wordpress\/wp-content\/uploads\/2022\/05\/ADAC_Supercross_Website_Header_1.jpg?resize=1024%2C717&amp;ssl=1 1024w, https:\/\/i0.wp.com\/msc-schnaitheim.de\/wordpress\/wp-content\/uploads\/2022\/05\/ADAC_Supercross_Website_Header_1.jpg?resize=150%2C105&amp;ssl=1 150w, https:\/\/i0.wp.com\/msc-schnaitheim.de\/wordpress\/wp-content\/uploads\/2022\/05\/ADAC_Supercross_Website_Header_1.jpg?resize=768%2C538&amp;ssl=1 768w, https:\/\/i0.wp.com\/msc-schnaitheim.de\/wordpress\/wp-content\/uploads\/2022\/05\/ADAC_Supercross_Website_Header_1.jpg?resize=1536%2C1075&amp;ssl=1 1536w\" sizes=\"(max-width: 750px) 100vw, 750px\" \/><\/a><\/figure>\n\n<div class=\"wp-block-post-excerpt\"><p class=\"wp-block-post-excerpt__excerpt\">Liebe Vereinsmitglieder, Wir werden mit der Jugend am Freitag 4 . November das SX Supercross in Stuttgart in der Hanns-Martin-Schleyer-Halle besuchen. <\/p><\/div>\n\n\n<hr class=\"wp-block-separator\"\/>\n\n<\/li><li class=\"wp-block-post post-1140 post type-post status-publish format-standard hentry category-hauptversammlung category-vereinsintern tag-hauptversammlung\">\n<h2 class=\"wp-block-post-title\"><a href=\"https:\/\/msc-schnaitheim.de\/wordpress\/2022\/03\/31\/bericht-hauptversammlung-2022\/\" target=\"_self\" >Bericht Hauptversammlung 2022<\/a><\/h2>\n\n\n\n<div class=\"wp-block-post-excerpt\"><p class=\"wp-block-post-excerpt__excerpt\">Jahreshauptversammlung des Motorsportverein Schnaitheim am 18.M\u00e4rz 2022 Ort: Gastst\u00e4tte Waldhorn in Rotensohl <\/p><\/div>\n\n\n<hr class=\"wp-block-separator\"\/>\n\n<\/li><li class=\"wp-block-post post-992 post type-post status-publish format-standard hentry category-hauptversammlung category-termine category-vereinsintern tag-hauptversammlung\">\n<h2 class=\"wp-block-post-title\"><a href=\"https:\/\/msc-schnaitheim.de\/wordpress\/2022\/02\/28\/hauptversammlung-2022\/\" target=\"_self\" >Hauptversammlung 2022<\/a><\/h2>\n\n\n\n<div class=\"wp-block-post-excerpt\"><p class=\"wp-block-post-excerpt__excerpt\">Einladung f\u00fcr alle Mitglieder zur ordentlichen Hauptversammlung 2022 am 18. M\u00e4rz. Die Versammlug findet in der Gastst\u00e4tte Waldhorn in Rotensohl statt. Start ist um 19:30Uhr und eine vorherige Anmeldung ist zwingend erforderlich. <\/p><\/div>\n\n\n<hr class=\"wp-block-separator\"\/>\n\n<\/li><li class=\"wp-block-post post-954 post type-post status-publish format-standard has-post-thumbnail hentry category-termine category-training category-vereinsintern tag-abschlusstraining\">\n<h2 class=\"wp-block-post-title\"><a href=\"https:\/\/msc-schnaitheim.de\/wordpress\/2021\/10\/27\/abschlusstraining-2021\/\" target=\"_self\" >Abschlusstraining 2021<\/a><\/h2>\n\n<figure class=\"alignwide wp-block-post-featured-image\"><a href=\"https:\/\/msc-schnaitheim.de\/wordpress\/2021\/10\/27\/abschlusstraining-2021\/\" target=\"_self\"  ><img data-recalc-dims=\"1\" decoding=\"async\" width=\"750\" height=\"422\" src=\"https:\/\/i0.wp.com\/msc-schnaitheim.de\/wordpress\/wp-content\/uploads\/2021\/10\/start_DM_2019.jpg?resize=750%2C422&#038;ssl=1\" class=\"attachment-post-thumbnail size-post-thumbnail wp-post-image\" alt=\"Abschlusstraining 2021\" style=\"object-fit:cover;\" srcset=\"https:\/\/i0.wp.com\/msc-schnaitheim.de\/wordpress\/wp-content\/uploads\/2021\/10\/start_DM_2019.jpg?w=1280&amp;ssl=1 1280w, https:\/\/i0.wp.com\/msc-schnaitheim.de\/wordpress\/wp-content\/uploads\/2021\/10\/start_DM_2019.jpg?resize=200%2C113&amp;ssl=1 200w, https:\/\/i0.wp.com\/msc-schnaitheim.de\/wordpress\/wp-content\/uploads\/2021\/10\/start_DM_2019.jpg?resize=1024%2C576&amp;ssl=1 1024w, https:\/\/i0.wp.com\/msc-schnaitheim.de\/wordpress\/wp-content\/uploads\/2021\/10\/start_DM_2019.jpg?resize=150%2C84&amp;ssl=1 150w, https:\/\/i0.wp.com\/msc-schnaitheim.de\/wordpress\/wp-content\/uploads\/2021\/10\/start_DM_2019.jpg?resize=768%2C432&amp;ssl=1 768w\" sizes=\"(max-width: 750px) 100vw, 750px\" \/><\/a><\/figure>\n\n<div class=\"wp-block-post-excerpt\"><p class=\"wp-block-post-excerpt__excerpt\">Am kommenden Sonntag, den 31.Oktober 2021 findet unser Abschlu\u00df-Training statt. Den Zeitplan findet hier. Anschlie\u00dfend gem\u00fctliches Beisammensein an unserer MSC-H\u00fctte. Es werden W\u00fcrste und Getr\u00e4nke zum Kauf angeboten. Wir freuen uns auf einen sch\u00f6nen, gem\u00fctlichen Saisonabschlu\u00df. <\/p><\/div>\n\n\n<hr class=\"wp-block-separator\"\/>\n\n<\/li><li class=\"wp-block-post post-942 post type-post status-publish format-standard has-post-thumbnail hentry category-termine category-vereinsintern tag-abschlussfeier\">\n<h2 class=\"wp-block-post-title\"><a href=\"https:\/\/msc-schnaitheim.de\/wordpress\/2021\/10\/17\/jahresabschlussfeier-2021\/\" target=\"_self\" >Jahresabschlussfeier 2021<\/a><\/h2>\n\n<figure class=\"alignwide wp-block-post-featured-image\"><a href=\"https:\/\/msc-schnaitheim.de\/wordpress\/2021\/10\/17\/jahresabschlussfeier-2021\/\" target=\"_self\"  ><img data-recalc-dims=\"1\" decoding=\"async\" width=\"750\" height=\"752\" src=\"https:\/\/i0.wp.com\/msc-schnaitheim.de\/wordpress\/wp-content\/uploads\/2021\/10\/jahresabschlussfeier-sekt.jpg?resize=750%2C752&#038;ssl=1\" class=\"attachment-post-thumbnail size-post-thumbnail wp-post-image\" alt=\"Jahresabschlussfeier 2021\" style=\"object-fit:cover;\" srcset=\"https:\/\/i0.wp.com\/msc-schnaitheim.de\/wordpress\/wp-content\/uploads\/2021\/10\/jahresabschlussfeier-sekt.jpg?w=1920&amp;ssl=1 1920w, https:\/\/i0.wp.com\/msc-schnaitheim.de\/wordpress\/wp-content\/uploads\/2021\/10\/jahresabschlussfeier-sekt.jpg?resize=200%2C200&amp;ssl=1 200w, https:\/\/i0.wp.com\/msc-schnaitheim.de\/wordpress\/wp-content\/uploads\/2021\/10\/jahresabschlussfeier-sekt.jpg?resize=1022%2C1024&amp;ssl=1 1022w, https:\/\/i0.wp.com\/msc-schnaitheim.de\/wordpress\/wp-content\/uploads\/2021\/10\/jahresabschlussfeier-sekt.jpg?resize=150%2C150&amp;ssl=1 150w, https:\/\/i0.wp.com\/msc-schnaitheim.de\/wordpress\/wp-content\/uploads\/2021\/10\/jahresabschlussfeier-sekt.jpg?resize=768%2C770&amp;ssl=1 768w, https:\/\/i0.wp.com\/msc-schnaitheim.de\/wordpress\/wp-content\/uploads\/2021\/10\/jahresabschlussfeier-sekt.jpg?resize=1533%2C1536&amp;ssl=1 1533w\" sizes=\"(max-width: 750px) 100vw, 750px\" \/><\/a><\/figure>\n\n<div class=\"wp-block-post-excerpt\"><p class=\"wp-block-post-excerpt__excerpt\">Aufgrund der aktuellen Situation und wenigen Anmeldungen f\u00e4llt die diesj\u00e4hrige Jahresabschlussfeier aus. <\/p><\/div>\n\n\n<hr class=\"wp-block-separator\"\/>\n\n<\/li><li class=\"wp-block-post post-929 post type-post status-publish format-standard has-post-thumbnail hentry category-training category-vereinsintern\">\n<h2 class=\"wp-block-post-title\"><a href=\"https:\/\/msc-schnaitheim.de\/wordpress\/2021\/09\/29\/drohnenvideo-vom-training-beim-msc\/\" target=\"_self\" >Drohnenvideo vom Training beim MSC<\/a><\/h2>\n\n<figure class=\"alignwide wp-block-post-featured-image\"><a href=\"https:\/\/msc-schnaitheim.de\/wordpress\/2021\/09\/29\/drohnenvideo-vom-training-beim-msc\/\" target=\"_self\"  ><img data-recalc-dims=\"1\" decoding=\"async\" width=\"750\" height=\"405\" src=\"https:\/\/i0.wp.com\/msc-schnaitheim.de\/wordpress\/wp-content\/uploads\/2021\/09\/Standbild_Drohnenvideo.jpg?resize=750%2C405&#038;ssl=1\" class=\"attachment-post-thumbnail size-post-thumbnail wp-post-image\" alt=\"Drohnenvideo vom Training beim MSC\" style=\"object-fit:cover;\" srcset=\"https:\/\/i0.wp.com\/msc-schnaitheim.de\/wordpress\/wp-content\/uploads\/2021\/09\/Standbild_Drohnenvideo.jpg?w=1465&amp;ssl=1 1465w, https:\/\/i0.wp.com\/msc-schnaitheim.de\/wordpress\/wp-content\/uploads\/2021\/09\/Standbild_Drohnenvideo.jpg?resize=200%2C108&amp;ssl=1 200w, https:\/\/i0.wp.com\/msc-schnaitheim.de\/wordpress\/wp-content\/uploads\/2021\/09\/Standbild_Drohnenvideo.jpg?resize=1024%2C553&amp;ssl=1 1024w, https:\/\/i0.wp.com\/msc-schnaitheim.de\/wordpress\/wp-content\/uploads\/2021\/09\/Standbild_Drohnenvideo.jpg?resize=150%2C81&amp;ssl=1 150w, https:\/\/i0.wp.com\/msc-schnaitheim.de\/wordpress\/wp-content\/uploads\/2021\/09\/Standbild_Drohnenvideo.jpg?resize=768%2C415&amp;ssl=1 768w\" sizes=\"(max-width: 750px) 100vw, 750px\" \/><\/a><\/figure>\n\n<div class=\"wp-block-post-excerpt\"><p class=\"wp-block-post-excerpt__excerpt\">Der Drohnenfilmer Jermain Miller war an unserem Sonntagstraining mit seiner Videodrohne vor Ort und hat ein geiles Video davon produziert. Viel Spa\u00df beim Anschauen und vielen Dank an Jermain f\u00fcr die Aufnahmen! <\/p><\/div>\n\n\n<hr class=\"wp-block-separator\"\/>\n\n<\/li><li class=\"wp-block-post post-883 post type-post status-publish format-standard has-post-thumbnail hentry category-vereinsintern\">\n<h2 class=\"wp-block-post-title\"><a href=\"https:\/\/msc-schnaitheim.de\/wordpress\/2021\/08\/12\/trauer-um-charly-wiedmann\/\" target=\"_self\" >Trauer um Charly Wiedmann<\/a><\/h2>\n\n<figure class=\"alignwide wp-block-post-featured-image\"><a href=\"https:\/\/msc-schnaitheim.de\/wordpress\/2021\/08\/12\/trauer-um-charly-wiedmann\/\" target=\"_self\"  ><img data-recalc-dims=\"1\" decoding=\"async\" width=\"638\" height=\"960\" src=\"https:\/\/i0.wp.com\/msc-schnaitheim.de\/wordpress\/wp-content\/uploads\/2021\/08\/PHOTO-2021-08-12-07-39-20.jpg?resize=638%2C960&#038;ssl=1\" class=\"attachment-post-thumbnail size-post-thumbnail wp-post-image\" alt=\"Trauer um Charly Wiedmann\" style=\"object-fit:cover;\" srcset=\"https:\/\/i0.wp.com\/msc-schnaitheim.de\/wordpress\/wp-content\/uploads\/2021\/08\/PHOTO-2021-08-12-07-39-20.jpg?w=638&amp;ssl=1 638w, https:\/\/i0.wp.com\/msc-schnaitheim.de\/wordpress\/wp-content\/uploads\/2021\/08\/PHOTO-2021-08-12-07-39-20.jpg?resize=199%2C300&amp;ssl=1 199w\" sizes=\"(max-width: 638px) 100vw, 638px\" \/><\/a><\/figure>\n\n<div class=\"wp-block-post-excerpt\"><p class=\"wp-block-post-excerpt__excerpt\">Am vergangenen Samstag hat das Schicksal unseren fr\u00fcheren Vereinskamerad und jahrelanger Wegbegleiter und Trainer unseres MSC-Jugendteams all zu fr\u00fch aus dem Leben gerissen. Wir, der MSC-Schnaitheim wird dich stets in guter Erinnerung behalten. Charly, ruhe in Frieden! Die Vorstandschaft und Mitglieder des MSC-Schnaitheim <\/p><\/div>\n\n\n<hr class=\"wp-block-separator\"\/>\n\n<\/li><li class=\"wp-block-post post-695 post type-post status-publish format-standard has-post-thumbnail hentry category-jugend category-training category-trainingslager category-vereinsintern tag-jugend tag-trainingslager\">\n<h2 class=\"wp-block-post-title\"><a href=\"https:\/\/msc-schnaitheim.de\/wordpress\/2020\/08\/17\/msc-jugendtrainslager-2020\/\" target=\"_self\" >MSC Jugendtrainslager 2020<\/a><\/h2>\n\n<figure class=\"alignwide wp-block-post-featured-image\"><a href=\"https:\/\/msc-schnaitheim.de\/wordpress\/2020\/08\/17\/msc-jugendtrainslager-2020\/\" target=\"_self\"  ><img data-recalc-dims=\"1\" decoding=\"async\" width=\"200\" height=\"171\" src=\"https:\/\/i0.wp.com\/msc-schnaitheim.de\/wordpress\/wp-content\/uploads\/2020\/08\/article_header_jugendtraining.jpg?resize=200%2C171&#038;ssl=1\" class=\"attachment-post-thumbnail size-post-thumbnail wp-post-image\" alt=\"MSC Jugendtrainslager 2020\" style=\"object-fit:cover;\" \/><\/a><\/figure>\n\n<div class=\"wp-block-post-excerpt\"><p class=\"wp-block-post-excerpt__excerpt\">Am 28. und 29. August findet bei uns ein Jugendtraingslager f\u00fcr alle jungen Vereinsmitglieder statt. Am Freitag und Samstag trainiert unser Jugendleiter Luca Elbert die Jugend in ihrer Fahrtechnik, Sicherheit und dem Spa\u00df am MX. Nat\u00fcrlich wird auch der gesellschaftliche Aspekt neben und auf der Strecke nicht zu kurz kommen. F\u00fcr mehr Informationen einfach den&hellip; <\/p><\/div>\n\n\n<hr class=\"wp-block-separator\"\/>\n\n<\/li><li class=\"wp-block-post post-322 post type-post status-publish format-standard has-post-thumbnail hentry category-vereinsintern\">\n<h2 class=\"wp-block-post-title\"><a href=\"https:\/\/msc-schnaitheim.de\/wordpress\/2020\/05\/11\/trainingsbetrieb-2020-startet-fuer-msc-mitglieder\/\" target=\"_self\" >Trainingsbetrieb 2020 startet f\u00fcr MSC Mitglieder<\/a><\/h2>\n\n<figure class=\"alignwide wp-block-post-featured-image\"><a href=\"https:\/\/msc-schnaitheim.de\/wordpress\/2020\/05\/11\/trainingsbetrieb-2020-startet-fuer-msc-mitglieder\/\" target=\"_self\"  ><img data-recalc-dims=\"1\" decoding=\"async\" width=\"253\" height=\"192\" src=\"https:\/\/i0.wp.com\/msc-schnaitheim.de\/wordpress\/wp-content\/uploads\/2020\/05\/Update-e1589206387726.png?resize=253%2C192&#038;ssl=1\" class=\"attachment-post-thumbnail size-post-thumbnail wp-post-image\" alt=\"Trainingsbetrieb 2020 startet f\u00fcr MSC Mitglieder\" style=\"object-fit:cover;\" \/><\/a><\/figure>\n\n<div class=\"wp-block-post-excerpt\"><p class=\"wp-block-post-excerpt__excerpt\">Ab Mittwoch den\u00a013. Mai\u00a0d\u00fcrfen wir wieder auf unserer Anlage endlich unserem geliebten Motocross Sport nachgehen.\u00a0 Das Training kann aber nur unter besonderen Bedingungen\u00a0stattfinden! <\/p><\/div>\n\n\n<hr class=\"wp-block-separator\"\/>\n\n<\/li><\/ul><\/div>\n","protected":false},"excerpt":{"rendered":"<p>Vereinsinterne Informationen zu internen Veranstaltungen, Berichten und Helferaufrufen.<\/p>\n","protected":false},"author":6,"featured_media":0,"parent":0,"menu_order":0,"comment_status":"closed","ping_status":"closed","template":"","meta":{"advanced_seo_description":"","jetpack_seo_html_title":"","jetpack_seo_noindex":false,"ngg_post_thumbnail":0,"footnotes":""},"class_list":["post-1507","page","type-page","status-publish","hentry"],"jetpack-related-posts":[{"id":1842,"url":"https:\/\/msc-schnaitheim.de\/wordpress\/","url_meta":{"origin":1507,"position":0},"title":"MSC Schnaitheim","author":"Markus","date":"2. Oktober 2022","format":false,"excerpt":"Aktuelles Presse-NachberichtDeutsche Motocross Meisterschaft am 12. April 2026 beim MSC Schnaitheim Am Sonntag, den 12. April 2026, fand beim MSC Schnaitheim der mit Spannung erwartete Lauf zur Deutschen Motocross Meisterschaft (ADAC DMX) statt \u2013 begleitet von typisch \u201eschnaitheimer\u201c Witterungsbedingungen. Anhaltender Regen seit der Nacht verwandelte die im Vorfeld hervorragend pr\u00e4parierte\u2026","rel":"","context":"\u00c4hnlicher Beitrag","block_context":{"text":"\u00c4hnlicher Beitrag","link":""},"img":{"alt_text":"","src":"https:\/\/i0.wp.com\/msc-schnaitheim.de\/wordpress\/wp-content\/uploads\/2026\/04\/DM_SCHNAITHEIM_26-86.jpg?resize=350%2C200&ssl=1","width":350,"height":200,"srcset":"https:\/\/i0.wp.com\/msc-schnaitheim.de\/wordpress\/wp-content\/uploads\/2026\/04\/DM_SCHNAITHEIM_26-86.jpg?resize=350%2C200&ssl=1 1x, https:\/\/i0.wp.com\/msc-schnaitheim.de\/wordpress\/wp-content\/uploads\/2026\/04\/DM_SCHNAITHEIM_26-86.jpg?resize=525%2C300&ssl=1 1.5x, https:\/\/i0.wp.com\/msc-schnaitheim.de\/wordpress\/wp-content\/uploads\/2026\/04\/DM_SCHNAITHEIM_26-86.jpg?resize=700%2C400&ssl=1 2x, https:\/\/i0.wp.com\/msc-schnaitheim.de\/wordpress\/wp-content\/uploads\/2026\/04\/DM_SCHNAITHEIM_26-86.jpg?resize=1050%2C600&ssl=1 3x, https:\/\/i0.wp.com\/msc-schnaitheim.de\/wordpress\/wp-content\/uploads\/2026\/04\/DM_SCHNAITHEIM_26-86.jpg?resize=1400%2C800&ssl=1 4x"},"classes":[]},{"id":3,"url":"https:\/\/msc-schnaitheim.de\/wordpress\/datenschutzerklaerung\/","url_meta":{"origin":1507,"position":1},"title":"Datenschutzerkl\u00e4rung","author":"webadministrator","date":"1. Februar 2020","format":false,"excerpt":"Datenschutzerkl\u00e4rung Personenbezogene Daten (nachfolgend zumeist nur \u201eDaten\u201c genannt) werden von uns nur im Rahmen der Erforderlichkeit sowie zum Zwecke der Bereitstellung eines funktionsf\u00e4higen und nutzerfreundlichen Internetauftritts, inklusive seiner Inhalte und der dort angebotenen Leistungen, verarbeitet. Gem\u00e4\u00df Art. 4 Ziffer 1. der Verordnung (EU) 2016\/679, also der Datenschutz-Grundverordnung (nachfolgend nur \u201eDSGVO\u201c\u2026","rel":"","context":"\u00c4hnlicher Beitrag","block_context":{"text":"\u00c4hnlicher Beitrag","link":""},"img":{"alt_text":"","src":"","width":0,"height":0},"classes":[]},{"id":911,"url":"https:\/\/msc-schnaitheim.de\/wordpress\/anmeldung-msc-vereins-teamwettbewerb\/","url_meta":{"origin":1507,"position":2},"title":"Anmeldung MSC Vereins-Teamwettbewerb","author":"webadministrator","date":"12. September 2021","format":false,"excerpt":"Team Anmeldung Keine Anmeldung mehr m\u00f6glich. Helfer Anmeldung Wir haben bereits gen\u00fcgend Helfer.","rel":"","context":"\u00c4hnlicher Beitrag","block_context":{"text":"\u00c4hnlicher Beitrag","link":""},"img":{"alt_text":"","src":"https:\/\/i0.wp.com\/msc-schnaitheim.de\/wordpress\/wp-content\/uploads\/2021\/09\/Zeitplan.png?resize=350%2C200&ssl=1","width":350,"height":200,"srcset":"https:\/\/i0.wp.com\/msc-schnaitheim.de\/wordpress\/wp-content\/uploads\/2021\/09\/Zeitplan.png?resize=350%2C200&ssl=1 1x, https:\/\/i0.wp.com\/msc-schnaitheim.de\/wordpress\/wp-content\/uploads\/2021\/09\/Zeitplan.png?resize=525%2C300&ssl=1 1.5x, https:\/\/i0.wp.com\/msc-schnaitheim.de\/wordpress\/wp-content\/uploads\/2021\/09\/Zeitplan.png?resize=700%2C400&ssl=1 2x"},"classes":[]},{"id":46,"url":"https:\/\/msc-schnaitheim.de\/wordpress\/veranstaltungen-termine\/","url_meta":{"origin":1507,"position":3},"title":"Veranstaltungen &#038; Termine","author":"webadministrator","date":"2. Februar 2020","format":false,"excerpt":"Termin\u00fcbersicht 2026 Der aktuelle Terminkalender steht Euch zum Download bereit: MSC Jahrestermine 2026 Termine Rennen und Arbeitsdienste 2026 N\u00e4heres zu den Arbeitsdiensten und weitere Informationen werden \u00fcber unseren Newsletter bekannt gegeben Veranstaltungen (inklusive vergangene)","rel":"","context":"\u00c4hnlicher Beitrag","block_context":{"text":"\u00c4hnlicher Beitrag","link":""},"img":{"alt_text":"","src":"","width":0,"height":0},"classes":[]},{"id":2101,"url":"https:\/\/msc-schnaitheim.de\/wordpress\/anmeldungen\/","url_meta":{"origin":1507,"position":4},"title":"Anmeldungen","author":"Markus","date":"11. April 2023","format":false,"excerpt":"Helfer f\u00fcr die DM Open am 6. April Nachfolgend findet Ihr die Liste von allen Anmeldungen. Aus Datenschutzgr\u00fcnden wird nur der Vorname und der erste Buchstabe des Nachnamens angezeigt.","rel":"","context":"\u00c4hnlicher Beitrag","block_context":{"text":"\u00c4hnlicher Beitrag","link":""},"img":{"alt_text":"","src":"","width":0,"height":0},"classes":[]},{"id":83,"url":"https:\/\/msc-schnaitheim.de\/wordpress\/kontakt\/","url_meta":{"origin":1507,"position":5},"title":"Kontakt","author":"webadministrator","date":"2. Februar 2020","format":false,"excerpt":"Du hast ein Anliegen, offene Fragen, Anregung, Feedback, Kritik oder m\u00f6chtest zu uns kommen. Dann schreib uns einfach eine Mail an info@msc-schnaitheim.de Du hast ein bestimmtes Anliegen und suchst den richtigen Ansprechpartner bei uns?Einer unserer Vorstandsmitglieder kann dir sicherlich helfen. Schau hier vorbei und finde den Richtigen.","rel":"","context":"\u00c4hnlicher Beitrag","block_context":{"text":"\u00c4hnlicher Beitrag","link":""},"img":{"alt_text":"","src":"","width":0,"height":0},"classes":[]}],"jetpack_sharing_enabled":true,"publishpress_future_action":{"enabled":false,"date":"2026-04-27 04:06:11","action":"change-status","newStatus":"draft","terms":[],"taxonomy":""},"publishpress_future_workflow_manual_trigger":{"enabledWorkflows":[]},"_links":{"self":[{"href":"https:\/\/msc-schnaitheim.de\/wordpress\/wp-json\/wp\/v2\/pages\/1507","targetHints":{"allow":["GET"]}}],"collection":[{"href":"https:\/\/msc-schnaitheim.de\/wordpress\/wp-json\/wp\/v2\/pages"}],"about":[{"href":"https:\/\/msc-schnaitheim.de\/wordpress\/wp-json\/wp\/v2\/types\/page"}],"author":[{"embeddable":true,"href":"https:\/\/msc-schnaitheim.de\/wordpress\/wp-json\/wp\/v2\/users\/6"}],"replies":[{"embeddable":true,"href":"https:\/\/msc-schnaitheim.de\/wordpress\/wp-json\/wp\/v2\/comments?post=1507"}],"version-history":[{"count":6,"href":"https:\/\/msc-schnaitheim.de\/wordpress\/wp-json\/wp\/v2\/pages\/1507\/revisions"}],"predecessor-version":[{"id":1516,"href":"https:\/\/msc-schnaitheim.de\/wordpress\/wp-json\/wp\/v2\/pages\/1507\/revisions\/1516"}],"wp:attachment":[{"href":"https:\/\/msc-schnaitheim.de\/wordpress\/wp-json\/wp\/v2\/media?parent=1507"}],"curies":[{"name":"wp","href":"https:\/\/api.w.org\/{rel}","templated":true}]}}