{"id":1250,"date":"2022-04-05T20:49:33","date_gmt":"2022-04-05T18:49:33","guid":{"rendered":"https:\/\/msc-schnaitheim.de\/wordpress\/?page_id=1250"},"modified":"2025-11-03T17:41:35","modified_gmt":"2025-11-03T16:41:35","slug":"trackopen","status":"publish","type":"page","link":"https:\/\/msc-schnaitheim.de\/wordpress\/trackopen\/","title":{"rendered":"TrackOpen"},"content":{"rendered":"\n<p id=\"isOpen\">Winterpause<\/p>\n\n\n\n<h2 class=\"wp-block-heading\">Woche 1<\/h2>\n\n\n\n<p id=\"1\">belegt <\/p>\n\n\n\n<h2 class=\"wp-block-heading\">Woche 2<\/h2>\n\n\n\n<p id=\"2\">belegt <\/p>\n\n\n\n<h2 class=\"wp-block-heading\">Woche 3<\/h2>\n\n\n\n<p id=\"3\">frei<\/p>\n\n\n\n<h2 class=\"wp-block-heading\">Woche 4<\/h2>\n\n\n\n<p id=\"4\">frei<\/p>\n\n\n\n<h2 class=\"wp-block-heading\">Woche 5<\/h2>\n\n\n\n\n\n<p id=\"5\">frei<\/p>\n","protected":false},"excerpt":{"rendered":"<p>Winterpause Woche 1 belegt Woche 2 belegt Woche 3 frei Woche 4 frei Woche 5 frei<\/p>\n","protected":false},"author":6,"featured_media":0,"parent":0,"menu_order":0,"comment_status":"closed","ping_status":"closed","template":"","meta":{"advanced_seo_description":"","jetpack_seo_html_title":"","jetpack_seo_noindex":false,"ngg_post_thumbnail":0,"footnotes":""},"class_list":["post-1250","page","type-page","status-publish","hentry"],"jetpack-related-posts":[{"id":2487,"url":"https:\/\/msc-schnaitheim.de\/wordpress\/trackopen-sicherheitskopie-bitte-nicht-bearbeiten\/","url_meta":{"origin":1250,"position":0},"title":"TrackOpen &#8211; Sicherheitskopie &#8211; bitte nicht bearbeiten","author":"Markus","date":"21. April 2025","format":false,"excerpt":"offen Woche 1 frei Woche 2 frei Woche 3 frei Woche 4 frei Woche 5 frei","rel":"","context":"\u00c4hnlicher Beitrag","block_context":{"text":"\u00c4hnlicher Beitrag","link":""},"img":{"alt_text":"","src":"","width":0,"height":0},"classes":[]},{"id":2508,"url":"https:\/\/msc-schnaitheim.de\/wordpress\/test\/","url_meta":{"origin":1250,"position":1},"title":"Test","author":"Markus","date":"3. Juni 2024","format":false,"excerpt":"","rel":"","context":"\u00c4hnlicher Beitrag","block_context":{"text":"\u00c4hnlicher Beitrag","link":""},"img":{"alt_text":"","src":"","width":0,"height":0},"classes":[]},{"id":65,"url":"https:\/\/msc-schnaitheim.de\/wordpress\/ergebnisse-bw-cup\/","url_meta":{"origin":1250,"position":2},"title":"Ergebnisse BW-Cup","author":"webadministrator","date":"2. Februar 2020","format":false,"excerpt":"Ergebnisse 2017 Am 13.5. fand in Frankenbach die Auftaktveranstaltung zum ADAC BW-Cup,der Baden-w\u00fcrttembergischen Jugend-Motocrossmeisterschaft statt.Auf der 1500 Meter langen Hartbodenstrecke waren auch einige Starter des MSC Schnaitheim und des MSC Gerstetten am Start.Bei sch\u00f6nem Fr\u00fchlingswetter,23Grad und Sonnenschein,rollten f\u00fcr den MSC Schnaitheim Tim Staab mit der Startnummer 15 in Klasse 1,Dominik\u2026","rel":"","context":"\u00c4hnlicher Beitrag","block_context":{"text":"\u00c4hnlicher Beitrag","link":""},"img":{"alt_text":"","src":"https:\/\/i0.wp.com\/msc-schnaitheim.de\/wordpress\/wp-content\/uploads\/2020\/02\/header_03.png?fit=960%2C395&ssl=1&resize=350%2C200","width":350,"height":200,"srcset":"https:\/\/i0.wp.com\/msc-schnaitheim.de\/wordpress\/wp-content\/uploads\/2020\/02\/header_03.png?fit=960%2C395&ssl=1&resize=350%2C200 1x, https:\/\/i0.wp.com\/msc-schnaitheim.de\/wordpress\/wp-content\/uploads\/2020\/02\/header_03.png?fit=960%2C395&ssl=1&resize=525%2C300 1.5x, https:\/\/i0.wp.com\/msc-schnaitheim.de\/wordpress\/wp-content\/uploads\/2020\/02\/header_03.png?fit=960%2C395&ssl=1&resize=700%2C400 2x"},"classes":[]},{"id":55,"url":"https:\/\/msc-schnaitheim.de\/wordpress\/historie\/","url_meta":{"origin":1250,"position":3},"title":"Historie","author":"webadministrator","date":"2. Februar 2020","format":false,"excerpt":"1949 Es war am 10. Oktober des Jahres 1949, als 14 motorsportbegeisterte M\u00e4nner aus Schnaitheim auf Anregung ihres Kameraden Ernst B\u00e4uerle im Gasthaus \"Eintracht\", dem sp\u00e4teren Friseursalon Knobloch\" den \"Motorsportclub Schnaitheim\" gr\u00fcndeten. Es gibt Aussagen, dass es auch schon vor dem Krieg motorradbegeisterte M\u00e4nner in Schnaitheim gab, aber als Club\u2026","rel":"","context":"\u00c4hnlicher Beitrag","block_context":{"text":"\u00c4hnlicher Beitrag","link":""},"img":{"alt_text":"","src":"https:\/\/i0.wp.com\/msc-schnaitheim.de\/wordpress\/wp-content\/uploads\/2020\/02\/head_Historie.png?fit=960%2C395&ssl=1&resize=350%2C200","width":350,"height":200,"srcset":"https:\/\/i0.wp.com\/msc-schnaitheim.de\/wordpress\/wp-content\/uploads\/2020\/02\/head_Historie.png?fit=960%2C395&ssl=1&resize=350%2C200 1x, https:\/\/i0.wp.com\/msc-schnaitheim.de\/wordpress\/wp-content\/uploads\/2020\/02\/head_Historie.png?fit=960%2C395&ssl=1&resize=525%2C300 1.5x, https:\/\/i0.wp.com\/msc-schnaitheim.de\/wordpress\/wp-content\/uploads\/2020\/02\/head_Historie.png?fit=960%2C395&ssl=1&resize=700%2C400 2x"},"classes":[]},{"id":33,"url":"https:\/\/msc-schnaitheim.de\/wordpress\/bilder\/","url_meta":{"origin":1250,"position":4},"title":"Bilder","author":"webadministrator","date":"2. Februar 2020","format":false,"excerpt":"Training vom 24. Mai 2020 Erstes Training 13. Mai 2020 MSC Strecke auf dem Hafnerh\u00e4ule 2020 Luftbildaufnahmen der Strecke vom Mai 2020. Vielen Dank daf\u00fcr an HarTmuT mAIeR. Die Strecke wartet Aufgrund der Corona Pandemie muss die Strecke momentan auf die Fahrer warten Die Jugend beim Training 2019 DM 2019","rel":"","context":"\u00c4hnlicher Beitrag","block_context":{"text":"\u00c4hnlicher Beitrag","link":""},"img":{"alt_text":"","src":"","width":0,"height":0},"classes":[]},{"id":3,"url":"https:\/\/msc-schnaitheim.de\/wordpress\/datenschutzerklaerung\/","url_meta":{"origin":1250,"position":5},"title":"Datenschutzerkl\u00e4rung","author":"webadministrator","date":"1. Februar 2020","format":false,"excerpt":"Datenschutzerkl\u00e4rung Personenbezogene Daten (nachfolgend zumeist nur \u201eDaten\u201c genannt) werden von uns nur im Rahmen der Erforderlichkeit sowie zum Zwecke der Bereitstellung eines funktionsf\u00e4higen und nutzerfreundlichen Internetauftritts, inklusive seiner Inhalte und der dort angebotenen Leistungen, verarbeitet. Gem\u00e4\u00df Art. 4 Ziffer 1. der Verordnung (EU) 2016\/679, also der Datenschutz-Grundverordnung (nachfolgend nur \u201eDSGVO\u201c\u2026","rel":"","context":"\u00c4hnlicher Beitrag","block_context":{"text":"\u00c4hnlicher Beitrag","link":""},"img":{"alt_text":"","src":"","width":0,"height":0},"classes":[]}],"jetpack_sharing_enabled":true,"publishpress_future_action":{"enabled":false,"date":"2026-04-18 23:29:07","action":"change-status","newStatus":"draft","terms":[],"taxonomy":""},"publishpress_future_workflow_manual_trigger":{"enabledWorkflows":[]},"_links":{"self":[{"href":"https:\/\/msc-schnaitheim.de\/wordpress\/wp-json\/wp\/v2\/pages\/1250","targetHints":{"allow":["GET"]}}],"collection":[{"href":"https:\/\/msc-schnaitheim.de\/wordpress\/wp-json\/wp\/v2\/pages"}],"about":[{"href":"https:\/\/msc-schnaitheim.de\/wordpress\/wp-json\/wp\/v2\/types\/page"}],"author":[{"embeddable":true,"href":"https:\/\/msc-schnaitheim.de\/wordpress\/wp-json\/wp\/v2\/users\/6"}],"replies":[{"embeddable":true,"href":"https:\/\/msc-schnaitheim.de\/wordpress\/wp-json\/wp\/v2\/comments?post=1250"}],"version-history":[{"count":111,"href":"https:\/\/msc-schnaitheim.de\/wordpress\/wp-json\/wp\/v2\/pages\/1250\/revisions"}],"predecessor-version":[{"id":3043,"href":"https:\/\/msc-schnaitheim.de\/wordpress\/wp-json\/wp\/v2\/pages\/1250\/revisions\/3043"}],"wp:attachment":[{"href":"https:\/\/msc-schnaitheim.de\/wordpress\/wp-json\/wp\/v2\/media?parent=1250"}],"curies":[{"name":"wp","href":"https:\/\/api.w.org\/{rel}","templated":true}]}}